{"id":142,"date":"2019-11-07T00:14:22","date_gmt":"2019-11-07T00:14:22","guid":{"rendered":"https:\/\/pos-graduacao.uepb.edu.br\/ppgcts\/?page_id=142"},"modified":"2025-02-21T08:38:16","modified_gmt":"2025-02-21T11:38:16","slug":"apresentacao-2","status":"publish","type":"page","link":"https:\/\/pos-graduacao.uepb.edu.br\/ppgcts\/apresentacao-2\/","title":{"rendered":"Programa &#8211; Apresenta\u00e7\u00e3o"},"content":{"rendered":"<p>O Mestrado Profissional em Ci\u00eancia e Tecnologia em Sa\u00fade tem sua grade curricular com dura\u00e7\u00e3o regular de dois anos (ou quatro per\u00edodos semestrais), sendo composta por 2 (duas) disciplinas obrigat\u00f3rias, 1 (uma) disciplina eletiva e disciplinas optativas, perfazendo uma carga hor\u00e1ria de 360 horas.<\/p>\n<p>As atividades s\u00e3o desenvolvidas em 10 horas aulas semanais, sendo realizadas no s\u00e1bado, nos turnos manh\u00e3 e tarde. O n\u00famero de cr\u00e9ditos \u00e9 de 30, sendo 20 em disciplinas, 04 em outras atividades acad\u00eamicas e 06 na disserta\u00e7\u00e3o.<\/p>\n","protected":false},"excerpt":{"rendered":"<p>O Mestrado Profissional em Ci\u00eancia e Tecnologia em Sa\u00fade tem sua grade curricular com dura\u00e7\u00e3o regular de dois anos (ou quatro per\u00edodos semestrais), sendo composta por 2 (duas) disciplinas obrigat\u00f3rias, 1 (uma) disciplina eletiva e disciplinas optativas, perfazendo uma carga hor\u00e1ria de 360 horas. As atividades s\u00e3o desenvolvidas em 10 horas aulas semanais, sendo realizadas <a class=\"leiamais\" href=\"https:\/\/pos-graduacao.uepb.edu.br\/ppgcts\/apresentacao-2\/\">Leia Mais&#8230;<\/a><\/p>\n","protected":false},"author":55,"featured_media":0,"parent":0,"menu_order":0,"comment_status":"closed","ping_status":"closed","template":"","meta":{"footnotes":""},"class_list":["post-142","page","type-page","status-publish","hentry"],"_links":{"self":[{"href":"https:\/\/pos-graduacao.uepb.edu.br\/ppgcts\/wp-json\/wp\/v2\/pages\/142","targetHints":{"allow":["GET"]}}],"collection":[{"href":"https:\/\/pos-graduacao.uepb.edu.br\/ppgcts\/wp-json\/wp\/v2\/pages"}],"about":[{"href":"https:\/\/pos-graduacao.uepb.edu.br\/ppgcts\/wp-json\/wp\/v2\/types\/page"}],"author":[{"embeddable":true,"href":"https:\/\/pos-graduacao.uepb.edu.br\/ppgcts\/wp-json\/wp\/v2\/users\/55"}],"replies":[{"embeddable":true,"href":"https:\/\/pos-graduacao.uepb.edu.br\/ppgcts\/wp-json\/wp\/v2\/comments?post=142"}],"version-history":[{"count":4,"href":"https:\/\/pos-graduacao.uepb.edu.br\/ppgcts\/wp-json\/wp\/v2\/pages\/142\/revisions"}],"predecessor-version":[{"id":661,"href":"https:\/\/pos-graduacao.uepb.edu.br\/ppgcts\/wp-json\/wp\/v2\/pages\/142\/revisions\/661"}],"wp:attachment":[{"href":"https:\/\/pos-graduacao.uepb.edu.br\/ppgcts\/wp-json\/wp\/v2\/media?parent=142"}],"curies":[{"name":"wp","href":"https:\/\/api.w.org\/{rel}","templated":true}]}}