{"id":139,"date":"2019-11-07T00:13:30","date_gmt":"2019-11-07T00:13:30","guid":{"rendered":"https:\/\/pos-graduacao.uepb.edu.br\/ppgcts\/?page_id=139"},"modified":"2025-04-01T14:52:06","modified_gmt":"2025-04-01T17:52:06","slug":"corpo-discente-2","status":"publish","type":"page","link":"https:\/\/pos-graduacao.uepb.edu.br\/ppgcts\/corpo-discente-2\/","title":{"rendered":"Pessoas &#8211; Corpo Discente"},"content":{"rendered":"<div class=\"wpb-content-wrapper\"><p>[vc_row][vc_column][vc_tta_tabs][vc_tta_section title=&#8221;2025&#8243; tab_id=&#8221;1743529883443-a7a94986-690c&#8221;][vc_column_text css=&#8221;&#8221;]Albaro Ramon Paiva Sanz<br \/>\nAna Luiza de Oliveira Martins<br \/>\nAna Paula Wanderley Silva<br \/>\nD\u00e9bora Karoliny de Barros Sales<br \/>\nEdmar Pinto de Oliveira<br \/>\nEdna Queiroz Maciel<br \/>\nEmmanuel Jos\u00e9 Marques Leano<br \/>\nJean Rocha Rodrigues<br \/>\nJos\u00e9 Assis Cabral Neto<br \/>\nJos\u00e9 Edimosio Costa Vital<br \/>\nJos\u00e9 Jandeilson Xavier dos Santos<br \/>\nJos\u00e9 Matheus de Lima Medeiros<br \/>\nKlayton Marcos Veloso da Silva Junior<br \/>\nKydson Felip Rocha da Silva<br \/>\nLucas Fausto Medeiros<br \/>\nMarcela Soares Nascimento de Aquino<br \/>\nMarc\u00edlio M\u00e1rcio Silva Correia<br \/>\nPetr\u00f4nio In\u00e1cio C\u00e9sar<br \/>\nRodolfo Heckmann de Fran\u00e7a C. e R. Oliveira<br \/>\nSamuel Ferreira Ventura[\/vc_column_text][\/vc_tta_section][vc_tta_section title=&#8221;2024&#8243; tab_id=&#8221;1743508431442-70de7d3c-4eed&#8221;][vc_column_text css=&#8221;&#8221;]Ana Paula da Silva Vidal<br \/>\nAndreza Silva Costa<br \/>\nAnny Sionara Moura Lima Dantas<br \/>\nAnny Karoliny Almeida Vieira<br \/>\nArnon Hiluey Santos<br \/>\nBartira Bezerra Fonseca<br \/>\nCamila Sabino dos Santos<br \/>\nCristiane Fran\u00e7a de Ara\u00fajo<br \/>\nDannilo Egito de Andrade<br \/>\nDiego Barbosa da Silva<br \/>\nF\u00e1bio Dantas Guimar\u00e3es<br \/>\nJefferson Batista da Silva<br \/>\nLarissa Domingos N\u00f3brega<br \/>\nLeonardo Aguiar dos Santos<br \/>\nMayara Ingrid S. e Silva Fortunato<br \/>\nNadhini Ferreira Silva<br \/>\nPolyanna Alves Monteiro Ara\u00fajo<br \/>\nRenan Matias Moura<br \/>\nSidney Pimentel Eleut\u00e9rio<br \/>\nWaldemberg Damasio Gin\u00fa[\/vc_column_text][\/vc_tta_section][vc_tta_section title=&#8221;2023&#8243; tab_id=&#8221;1743508427549-9584e0df-dc2a&#8221;][vc_column_text css=&#8221;&#8221;]Allancleriston Alves Galdino<br \/>\nAna C\u00e9lia Rocha de Medeiros<br \/>\nCarlos Alberto Marques dos Santos Filho<br \/>\nClenia Emanuela de Sousa Andrade<br \/>\nDiego Silva Almeida<br \/>\nGeane Herm\u00ednio Falc\u00e3o Torres<br \/>\nGleiriston da Silva Oliveira<br \/>\nHellen Silva Pereira<br \/>\nJo\u00e3o Mykael Alves Xavier<br \/>\nJoceanny Alves Dem\u00e9trio<br \/>\nLays Anorina Barbosa de Carvalho<br \/>\nLuiza Dayane Santos Ara\u00fajo<br \/>\nNatan da Silva Oliveira<br \/>\nNayhara Possid\u00f4nio de Meneses<br \/>\nRafaela Mayara Barbosa da Silva<br \/>\nRaissa Costa Silva<br \/>\nRhuana Emmanuely Braga Carneiro[\/vc_column_text][\/vc_tta_section][vc_tta_section title=&#8221;2022&#8243; tab_id=&#8221;1743508422104-74122ca9-495a&#8221;][vc_column_text css=&#8221;&#8221;]Alberto Jos\u00e9 Correia Ramos<br \/>\nDaiany Costa Souza<br \/>\nDannyella Gon\u00e7alves Cunha de Ara\u00fajo<br \/>\nDianna L\u00edvia da Silva Costa<br \/>\nDiogo Azevedo Resende de Albuquerque<br \/>\nGabriela Ramos Ventura<br \/>\nGeilson Arnon de Souza<br \/>\nIsaac Wilson Pereira de Almeida<br \/>\nJordan Ferreira Nunes<br \/>\nLet\u00edcia de Mac\u00eado N\u00f3brega Aires<br \/>\nLuana da Silva Leal<br \/>\nMiguel Rodrigues Albuquerque Dantas<br \/>\nSamaya Saliaiane Santos[\/vc_column_text][\/vc_tta_section][vc_tta_section title=&#8221;2021&#8243; tab_id=&#8221;1743508419079-a9b43920-7a23&#8243;][vc_column_text css=&#8221;&#8221;]Amanda Silva Costa<br \/>\nAna Gon\u00e7alves Lima Neta<br \/>\nAnna Karolinne Pacheco de Oliveira<br \/>\nAnna Kellssya Leite Filgueira<br \/>\nBruna N\u00f3brega e Silva Laursen<br \/>\nCaio Pimenteira Uch\u00f4a<br \/>\nCarolina Magna de Souza Alves<br \/>\nDaniella Lima de Carvalho<br \/>\nDanielle Jamylla Barbosa Ribeiro<br \/>\nElis\u00e2ngela Nunes da Silva<br \/>\nErika Carla Silva de Lima<br \/>\nEulajose Lord\u00e3o Rocha<br \/>\nEwerton Franco de Souza<br \/>\nFabiana Lacerda de Ara\u00fajo<br \/>\nFl\u00e1via Virg\u00ednia Dantas da Silva<br \/>\nFrancyara Sousa Silva<br \/>\nHelder Xavier Bezerra<br \/>\nHer\u00e1clio Almeida da Costa<br \/>\nJean Pereira Fernandes<br \/>\nJosicleia Leoncio da Silva<br \/>\nJ\u00falia Vanessa Oliveira R\u00e9gis de Ara\u00fajo<br \/>\nKaroline de Andrade Gonzaga<br \/>\nKrol J\u00e2nio Palitot Rem\u00edgio<br \/>\nL\u00edvia Caroline Tomaz Santos<br \/>\nNat\u00e1lia Oliveira F\u00e9lix da Costa<br \/>\nThais Celi Lopes Benevides[\/vc_column_text][\/vc_tta_section][vc_tta_section title=&#8221;2020&#8243; tab_id=&#8221;1743508365805-31b15465-29e1&#8243;][vc_column_text css=&#8221;&#8221;]Adeilton Sousa<br \/>\nAna Cheile de Melo Costa<br \/>\nAna Em\u00edlia Ara\u00fajo de Oliveira<br \/>\nArthur Cellys Tavares da Silva<br \/>\nB\u00e1rbara Sousa dos Santos<br \/>\nCharles de Azevedo Junior<br \/>\nEwerthon Dyego de Ara\u00fajo Batista<br \/>\nFernando Mateus maia Barbosa<br \/>\nGustavo Dias da Silva<br \/>\nHeloisa Helena Matias Tavares de Almeida<br \/>\nIago Cola\u00e7o de Souza<br \/>\nIsabella Diniz Gallardo<br \/>\nIzabele Ribeiro Braga Lucas<br \/>\nJo\u00e3o Paulo Clemente da Silva<br \/>\nJos\u00e9 Eug\u00eanio Eloi Moura<br \/>\nJos\u00e9 George Dias de Souza<br \/>\nLeandro Santiago da Silva<br \/>\nMa\u00edsa carneiro Wanderley<br \/>\nManoel Val\u00e9rio Batista Neto<br \/>\nMilton Antonio Gon\u00e7alves de Oliveira<br \/>\nRenata Silva de Carvalho Gurgel<br \/>\nTalyta Soares de Vasconcelos<br \/>\nTaynara Tavares Dantas[\/vc_column_text][\/vc_tta_section][vc_tta_section title=&#8221;2019&#8243; tab_id=&#8221;1715894213501-18a13921-9beb&#8221;][vc_column_text]<\/p>\n<ul>\n<li>Alberto Ladeia De Queiroz Filho<\/li>\n<li>Ana Cec\u00edlia Ara\u00fajo Arruda<\/li>\n<li>Ana Cl\u00e1udia Dantas Mendes<\/li>\n<li>Ana Paula Rodrigues Camargo<\/li>\n<li>Carmem Emanuella Mendes Ramos<\/li>\n<li>Carolina Cittadin Adam<\/li>\n<li>Cristian Rodrigo Da Silveira Morales<\/li>\n<li>Daisy Marillya Xavier Leite<\/li>\n<li>Daniele Ara\u00fajo Correa<\/li>\n<li>Diogo Pereira Cardoso De S\u00e1<\/li>\n<li>Domicio Alves De Medeiros Junior<\/li>\n<li>Dulce Rodrigues De Matos<\/li>\n<li>Emerson Argolo Reale<\/li>\n<li>Enoch Menezes De Oliveira Junior<\/li>\n<li>Frederico Euler De Souza Castro<\/li>\n<li>Geilson Arnor De Souza<\/li>\n<li>Igor Cavalcanti Borges<\/li>\n<li>Isabella Pinheiro De Farias Bispo<\/li>\n<li>Ism\u00eanya Batista Diniz Da Silva<\/li>\n<li>Janezeide Carneiro Dos Santos Borges<\/li>\n<li>Juliana De Araujo Maciel Fetal<\/li>\n<li>Laudemir Nascimento Vitorino<\/li>\n<li>Lauriston Medeiros Paix\u00e3o<\/li>\n<li>Luis Fernando Cunha Lopes Reis<\/li>\n<li>Marcela Monteiro Pimentel<\/li>\n<li>Marcelo Ramos Almeida<\/li>\n<li>Mariana Carla Oliveira Lucena<\/li>\n<li>Marli De Souza De Abreu<\/li>\n<li>Mateus Antunes Da Silva<\/li>\n<li>Meirilany Rozeno Costa<\/li>\n<li>M\u00e9rcia Val\u00e9ria Alves Da Silva<\/li>\n<li>Micaele Farias Nascimento<\/li>\n<li>Nivaldo Souza Cardozo Filho<\/li>\n<li>Rafael Aguiar Faria<\/li>\n<li>Rafaella Santos Carvalho<\/li>\n<li>Rodrigo Jos\u00e9 Melo Do Esp\u00edrito Santo<\/li>\n<li>Rossana Fischer Veras Mascena<\/li>\n<li>Thiago Melo Do Espirito Santo<\/li>\n<li>Vinicius Reuteman Feitoza Alves De Andrade<\/li>\n<li>Wendell Aguiar Silva<\/li>\n<\/ul>\n<p>[\/vc_column_text][\/vc_tta_section][vc_tta_section title=&#8221;2018&#8243; tab_id=&#8221;1715894213525-c0af0660-b913&#8243;][vc_column_text]<\/p>\n<ul>\n<li>Ana Carolina Arruda Meira Brito<\/li>\n<li>Ana Cl\u00e1udia Martins Brito Furtado Da Costa<\/li>\n<li>Ana Luiza Braga De Macedo Lombardi<\/li>\n<li>Andre Teixeira Silva<\/li>\n<li>Antonio Fernandes De Oliveira Filho<\/li>\n<li>Bianca N\u00f3brega Lustosa Cabral<\/li>\n<li>Bruna Santos Pereira De Franca<\/li>\n<li>Caroline Sousa Truta Ramalho<\/li>\n<li>Cynthia Ramos Tejo Fran\u00e7a<\/li>\n<li>Daniel Gomes De Mello Farias<\/li>\n<li>Diogo Pontes Costa<\/li>\n<li>Em\u00edlia Vilar Batista Dos Anjos<\/li>\n<li>F\u00e1bio J\u00fanior Francisco Da Silva<\/li>\n<li>Felipe Faria Motta Madia<\/li>\n<li>France Anne Reinaldo Maia<\/li>\n<li>Francisco Anderson Mariano Da Silva<\/li>\n<li>Francisco Eduardo Ferreira Alves<\/li>\n<li>Germana Maria Soares Da Cunha<\/li>\n<li>Isa Jane Galv\u00e3o Pimentel<\/li>\n<li>Jamilly Verissimo Meira Teixeira<\/li>\n<li>Janiele De Sales Tavares<\/li>\n<li>Jordan Ferreira Nunes<\/li>\n<li>Kamila N\u00f3brega De Fran\u00e7a Schildt Costa<\/li>\n<li>Laisa Cintya Siqueira Souza<\/li>\n<li>Lenildo De Sousa Batista<\/li>\n<li>Lucas Myllenno Silva Monteiro Lima<\/li>\n<li>Marlem Oliveira Moreira<\/li>\n<li>Myllena Alves Xavier<\/li>\n<li>Roberto Carlos Vieira Da Silva J\u00fanior<\/li>\n<li>Rui Ara\u00fajo J\u00fanior<\/li>\n<li>Thamyris De Sales Regis<\/li>\n<li>Tuanny Gon\u00e7alves Benjamim De Souza<\/li>\n<li>Wesley Cavalcante Cruz<\/li>\n<\/ul>\n<p>[\/vc_column_text][\/vc_tta_section][vc_tta_section title=&#8221;2017&#8243; tab_id=&#8221;1715894249105-e9c0af78-861c&#8221;][vc_column_text]<\/p>\n<ul>\n<li>Adalberto francisco Monteiro Neto<\/li>\n<li>Alcedo Medeiros de Ara\u00fajo<\/li>\n<li>Am\u00e9lia Maria Rodrigues Oliveira<\/li>\n<li>Ana Em\u00edlia Ara\u00fajo de Oliveira<\/li>\n<li>Antonio Alves de Lima Filho<\/li>\n<li>Ayonara Dayane Leal Mendes<\/li>\n<li>Bruno Cardoso Dantas<\/li>\n<li>Diogo Medeiros N\u00f3brega<\/li>\n<li>Eder Rodrigues Araujo<\/li>\n<li>Fl\u00e1via Iluska Silva Carolino<\/li>\n<li>Gustavo Ramos da Silva<\/li>\n<li>Gustavo Ramos de Sousa<\/li>\n<li>Hellen Jacyara Mota Vidal Duarte<\/li>\n<li>Isaura Freitas Teixeira de Arg\u00f4lo<\/li>\n<li>Italo Rogerio Arnaud Reinaldo<\/li>\n<li>Loyane Figueiredo Cavalcanti Lima<\/li>\n<li>Luciano de Oliveira Barbosa<\/li>\n<li>Marcelo Freitas Lins Silva<\/li>\n<li>Mar\u00edlia Amorim de Souza<\/li>\n<li>M\u00e9rcia Val\u00e9ria Alves da Silva<\/li>\n<li>Paulo C\u00e9sar Oliveira Brito<\/li>\n<li>Rodrigo Farias Herculano Mendes<\/li>\n<li>Winnie Isabelle Cordeiro Caldas<\/li>\n<\/ul>\n<p>[\/vc_column_text][\/vc_tta_section][vc_tta_section title=&#8221;2016&#8243; tab_id=&#8221;1715894248247-88874574-a1d8&#8243;][vc_column_text]<\/p>\n<ul>\n<li>Adeilton Sousa<\/li>\n<li>Adriano Alves Ribeiro<\/li>\n<li>Alanne Vandreia da Silva Alves<\/li>\n<li>Andrea Alves Nascimento<\/li>\n<li>Arthur Felipe Thamay Medeiros<\/li>\n<li>Audemar Fernandes Ribeiro Junior<\/li>\n<li>Breno Lacerda de Alustau Paiva<\/li>\n<li>Daiany Cat\u00e3o Furtado<\/li>\n<li>Danila Pinto N\u00f3brega Gadelha<\/li>\n<li>Dannylo Xavier Wanderley<\/li>\n<li>Diego Vin\u00edcius Duarte Cavalcante<\/li>\n<li>Eduardo Frota Oliveira<\/li>\n<li>Eujessika Katielly Rodrigues Silva<\/li>\n<li>F\u00e1bio Francisco Evangelista Leal<\/li>\n<li>Fernando Medeiros Filho<\/li>\n<li>Genilson Medeiros Martins<\/li>\n<li>Germana Portela Rabello<\/li>\n<li>Gustavo Lopes Gomes de Siqueira<\/li>\n<li>Henrique de Almeida Veras<\/li>\n<li>Jose Eug\u00eanio Eloi Moura<\/li>\n<li>Marina de Sousa Medeiros<\/li>\n<li>Mario C\u00e9sar Furtado da Costa<\/li>\n<li>Raphaella Almeida Lucena<\/li>\n<li>Renan Alex Fernandes de Oliveira<\/li>\n<li>Rinaldo Vieira Menezes<\/li>\n<li>Th\u00e2mmara Lariane Henriques Tito<\/li>\n<li>Uir\u00e1 Luiz de Melo Sales Marmhoud Coury<\/li>\n<li>William Silva de Melo J\u00fanior<\/li>\n<li>Yuryky Maynyson Ferreira de Medeiros<\/li>\n<\/ul>\n<p>[\/vc_column_text][\/vc_tta_section][vc_tta_section title=&#8221;2014&#8243; tab_id=&#8221;1715894282745-1d497746-6565&#8243;][vc_column_text]<\/p>\n<div class=\"wp-tab-content\">\n<div class=\"wp-tab-content-wrapper\">\n<ul>\n<li>Acsa Priscila Queiroz Silva<\/li>\n<li>Danielle de Oliveira Lima Nascimento<\/li>\n<li>Eliclenes Porto<\/li>\n<li>\u00cannyo Jos\u00e9 Barros de Ara\u00fajo<\/li>\n<li>Fernanda da Silva<\/li>\n<li>Francisco Ioneiton da Silva<\/li>\n<li>In\u00e1cio Costa Neto<\/li>\n<li>Jana\u00edna Benicio Marques<\/li>\n<li>Jean Pereira Fernandes<\/li>\n<li>Jefferson Felipe Silva de Lima<\/li>\n<li>Joanna Ligia de Queiroz Marques<\/li>\n<li>Jo\u00e3o Bruno Escorel de Albuquerque<\/li>\n<li>Jos\u00e9 Alberto Souza Paulino<\/li>\n<li>Julia Cibelle Freire de Queiroz Arnaud<\/li>\n<li>Marcus Vinicius de Oliveira Regis<\/li>\n<li>Nivian Mirelly Moraes Feliciano<\/li>\n<li>Renata Italiano da N\u00f3brega Figueiredo<\/li>\n<li>Rodolfo Ramos Castelo Branco<\/li>\n<li>Tanisa Carla Toscano Viana<\/li>\n<li>Yang Medeiros Cardoso<\/li>\n<\/ul>\n<p>&nbsp;<\/p>\n<\/div>\n<\/div>\n<p>[\/vc_column_text][\/vc_tta_section][vc_tta_section title=&#8221;2013&#8243; tab_id=&#8221;1715894246693-a31fce30-a89f&#8221;][vc_column_text]<\/p>\n<ul>\n<li>Bruno Agra Ferreira<\/li>\n<li>Bruno Eduardo Sousa de Vasconcelos<\/li>\n<li>H\u00e9lder Nunes de Almeida<\/li>\n<li>Janaina Nunes Arag\u00e3o<\/li>\n<li>Ketinlly Yasmyne Nascimento Martins<\/li>\n<li>Manoel Pereira de Andrade Filho<\/li>\n<li>Nayron Medeiros Soares<\/li>\n<li>Raphael Mendon\u00e7a da N\u00f3brega<\/li>\n<li>Rossini Lucena de Medeiros<\/li>\n<li>T\u00falio Henriques Costa<\/li>\n<li>Washington Almeida Reis<\/li>\n<\/ul>\n<p>[\/vc_column_text][\/vc_tta_section][\/vc_tta_tabs][\/vc_column][\/vc_row]<\/p>\n<\/div>","protected":false},"excerpt":{"rendered":"<p>[vc_row][vc_column][vc_tta_tabs][vc_tta_section title=&#8221;2025&#8243; tab_id=&#8221;1743529883443-a7a94986-690c&#8221;][vc_column_text css=&#8221;&#8221;]Albaro Ramon Paiva Sanz Ana Luiza de Oliveira Martins Ana Paula Wanderley Silva D\u00e9bora Karoliny de Barros Sales Edmar Pinto de Oliveira Edna Queiroz Maciel Emmanuel Jos\u00e9 Marques Leano Jean Rocha Rodrigues Jos\u00e9 Assis Cabral Neto Jos\u00e9 Edimosio Costa Vital Jos\u00e9 Jandeilson Xavier dos Santos Jos\u00e9 Matheus de Lima Medeiros Klayton Marcos <a class=\"leiamais\" href=\"https:\/\/pos-graduacao.uepb.edu.br\/ppgcts\/corpo-discente-2\/\">Leia Mais&#8230;<\/a><\/p>\n","protected":false},"author":55,"featured_media":0,"parent":0,"menu_order":0,"comment_status":"closed","ping_status":"closed","template":"","meta":{"footnotes":""},"class_list":["post-139","page","type-page","status-publish","hentry"],"_links":{"self":[{"href":"https:\/\/pos-graduacao.uepb.edu.br\/ppgcts\/wp-json\/wp\/v2\/pages\/139","targetHints":{"allow":["GET"]}}],"collection":[{"href":"https:\/\/pos-graduacao.uepb.edu.br\/ppgcts\/wp-json\/wp\/v2\/pages"}],"about":[{"href":"https:\/\/pos-graduacao.uepb.edu.br\/ppgcts\/wp-json\/wp\/v2\/types\/page"}],"author":[{"embeddable":true,"href":"https:\/\/pos-graduacao.uepb.edu.br\/ppgcts\/wp-json\/wp\/v2\/users\/55"}],"replies":[{"embeddable":true,"href":"https:\/\/pos-graduacao.uepb.edu.br\/ppgcts\/wp-json\/wp\/v2\/comments?post=139"}],"version-history":[{"count":17,"href":"https:\/\/pos-graduacao.uepb.edu.br\/ppgcts\/wp-json\/wp\/v2\/pages\/139\/revisions"}],"predecessor-version":[{"id":683,"href":"https:\/\/pos-graduacao.uepb.edu.br\/ppgcts\/wp-json\/wp\/v2\/pages\/139\/revisions\/683"}],"wp:attachment":[{"href":"https:\/\/pos-graduacao.uepb.edu.br\/ppgcts\/wp-json\/wp\/v2\/media?parent=139"}],"curies":[{"name":"wp","href":"https:\/\/api.w.org\/{rel}","templated":true}]}}