{"id":133,"date":"2019-11-07T00:09:41","date_gmt":"2019-11-07T00:09:41","guid":{"rendered":"https:\/\/pos-graduacao.uepb.edu.br\/ppgcts\/?page_id=133"},"modified":"2025-07-18T10:33:28","modified_gmt":"2025-07-18T13:33:28","slug":"coordenacao-2","status":"publish","type":"page","link":"https:\/\/pos-graduacao.uepb.edu.br\/ppgcts\/coordenacao-2\/","title":{"rendered":"Pessoas &#8211; Coordena\u00e7\u00e3o"},"content":{"rendered":"<p><strong>Coordenador<\/strong><br \/>\nProf. Dr. Wellington Candeia de Araujo<br \/>\nwcandeia@servidor.uepb.edu.br<\/p>\n<p><strong>Coordenador Adjunto<\/strong><br \/>\nProf. Dr. Daniel Scherer<br \/>\nscherer@servidor.uepb.edu.br<\/p>\n<p><strong>Secret\u00e1ria<\/strong><br \/>\nJoyce Neves da Silva<br \/>\nppgcts@setor.uepb.edu.br<br \/>\nnutes@setor.uepb.edu.br<\/p>\n<p><strong>Endere\u00e7o para correspond\u00eancia<\/strong><br \/>\nPrograma de P\u00f3s-Gradua\u00e7\u00e3o Profissional em Ci\u00eancia e Tecnologia em Sa\u00fade<br \/>\nLocalizado no N\u00facleo de Tecnologias Estrat\u00e9gicas em Sa\u00fade &#8211; NUTES<br \/>\nRua Juv\u00eancio Arruda S\/N \u2013 CEP: 58.429-600 \u2013 Campus Universit\u00e1rio &#8211; Bodocong\u00f3 Campina Grande \u2013 PB<br \/>\nTelefone (83) 3315-3336<br \/>\nE-mail: ppgcts@setor.uepb.edu.br<\/p>\n","protected":false},"excerpt":{"rendered":"<p>Coordenador Prof. Dr. Wellington Candeia de Araujo wcandeia@servidor.uepb.edu.br Coordenador Adjunto Prof. Dr. Daniel Scherer scherer@servidor.uepb.edu.br Secret\u00e1ria Joyce Neves da Silva ppgcts@setor.uepb.edu.br nutes@setor.uepb.edu.br Endere\u00e7o para correspond\u00eancia Programa de P\u00f3s-Gradua\u00e7\u00e3o Profissional em Ci\u00eancia e Tecnologia em Sa\u00fade Localizado no N\u00facleo de Tecnologias Estrat\u00e9gicas em Sa\u00fade &#8211; NUTES Rua Juv\u00eancio Arruda S\/N \u2013 CEP: 58.429-600 \u2013 Campus Universit\u00e1rio <a class=\"leiamais\" href=\"https:\/\/pos-graduacao.uepb.edu.br\/ppgcts\/coordenacao-2\/\">Leia Mais&#8230;<\/a><\/p>\n","protected":false},"author":55,"featured_media":0,"parent":0,"menu_order":0,"comment_status":"closed","ping_status":"closed","template":"","meta":{"footnotes":""},"class_list":["post-133","page","type-page","status-publish","hentry"],"_links":{"self":[{"href":"https:\/\/pos-graduacao.uepb.edu.br\/ppgcts\/wp-json\/wp\/v2\/pages\/133","targetHints":{"allow":["GET"]}}],"collection":[{"href":"https:\/\/pos-graduacao.uepb.edu.br\/ppgcts\/wp-json\/wp\/v2\/pages"}],"about":[{"href":"https:\/\/pos-graduacao.uepb.edu.br\/ppgcts\/wp-json\/wp\/v2\/types\/page"}],"author":[{"embeddable":true,"href":"https:\/\/pos-graduacao.uepb.edu.br\/ppgcts\/wp-json\/wp\/v2\/users\/55"}],"replies":[{"embeddable":true,"href":"https:\/\/pos-graduacao.uepb.edu.br\/ppgcts\/wp-json\/wp\/v2\/comments?post=133"}],"version-history":[{"count":10,"href":"https:\/\/pos-graduacao.uepb.edu.br\/ppgcts\/wp-json\/wp\/v2\/pages\/133\/revisions"}],"predecessor-version":[{"id":716,"href":"https:\/\/pos-graduacao.uepb.edu.br\/ppgcts\/wp-json\/wp\/v2\/pages\/133\/revisions\/716"}],"wp:attachment":[{"href":"https:\/\/pos-graduacao.uepb.edu.br\/ppgcts\/wp-json\/wp\/v2\/media?parent=133"}],"curies":[{"name":"wp","href":"https:\/\/api.w.org\/{rel}","templated":true}]}}