{"id":43,"date":"2012-01-19T13:42:44","date_gmt":"2012-01-19T13:42:44","guid":{"rendered":"http:\/\/pos-graduacao.ascom.uepb.edu.br\/ppcta\/?page_id=43"},"modified":"2024-05-23T14:57:24","modified_gmt":"2024-05-23T14:57:24","slug":"proapcapes","status":"publish","type":"page","link":"https:\/\/pos-graduacao.uepb.edu.br\/ppgcta\/proapcapes\/","title":{"rendered":"PROAP\/CAPES"},"content":{"rendered":"<div class=\"wpb-content-wrapper\"><p>[vc_row][vc_column][vc_column_text]O Programa de Apoio \u00e0 P\u00f3s-Gradua\u00e7\u00e3o &#8211; <strong>PROAP<\/strong> destina-se a proporcionar melhores condi\u00e7\u00f5es para a forma\u00e7\u00e3o de recursos humanos, a produ\u00e7\u00e3o e o aprofundamento do conhecimento nos cursos de p\u00f3s\u2011gradua\u00e7\u00e3o <em>stricto sensu,<\/em> ministrados pelas Institui\u00e7\u00f5es de Ensino Superior P\u00fablicas &#8211; IES, observados os seguintes aspectos:<\/p>\n<ul>\n<li>apoio \u00e0s atividades inovadoras dos programas de p\u00f3s-gradua\u00e7\u00e3o, voltadas para o seu desenvolvimento aca\u00add\u00eamico, visando oferecer forma\u00e7\u00e3o cada vez mais qualificada e diversificada aos estudantes de p\u00f3s-gradua\u00e7\u00e3o;<\/li>\n<li>utiliza\u00e7\u00e3o dos recursos dispon\u00edveis \u00e0 titula\u00e7\u00e3o de mestres e doutores em n\u00famero capaz de atender as principais <strong>\u00a0<\/strong>necessidades da demanda nacional e em tempo adequado;<\/li>\n<li>acesso aos recursos direcionados ao custeio das atividades acad\u00eamicas e de pesquisa dos programas de p\u00f3s\u2011gradua\u00e7\u00e3o relacionadas aos estudos de disserta\u00e7\u00e3o e tese dos estudantes de p\u00f3s\u2011gradua\u00e7\u00e3o e \u00e0 manuten\u00e7\u00e3o e desenvolvimento desses programas; e<\/li>\n<li>apoio ao desenvolvimento dos trabalhos de planejamento, defini\u00e7\u00e3o e execu\u00e7\u00e3o da pol\u00edtica Institucional de p\u00f3s-gradua\u00e7\u00e3o e a articula\u00e7\u00e3o da participa\u00e7\u00e3o da IES no PROAP.<\/li>\n<\/ul>\n<p><a href=\"https:\/\/pos-graduacao.uepb.edu.br\/ppgcta\/download\/portaria-regulamento-do-programa-de-apoio-a-pos-graduacao-proap\/?wpdmdl=2417&amp;masterkey\" target=\"_blank\" rel=\"noopener\">Portaria: Regulamento do programa de ap\u00f3io \u00e0 P\u00f3s\u2013Gradua\u00e7\u00e3o &#8211; PROAP.<\/a>[\/vc_column_text][\/vc_column][\/vc_row][vc_row][vc_column][vc_text_separator title=&#8221;Recursos recebidos:&#8221; title_align=&#8221;separator_align_left&#8221; css=&#8221;.vc_custom_1716476233869{margin-top: 20px !important;margin-bottom: 20px !important;}&#8221;][vc_tta_tabs][vc_tta_section title=&#8221;2019&#8243; tab_id=&#8221;1716475971653-39c90f2d-6297&#8243;][vc_column_text]No ano de 2019 o Programa de Pos-Gradua\u00e7\u00e3o em Ci\u00eancias e Tecnologia Ambiental recebeu recursos PROAP\/CAPES no valor de R$ = 38.834,87, o qual foi rateado com os orientadores e orientandos.[\/vc_column_text][\/vc_tta_section][vc_tta_section title=&#8221;2018&#8243; tab_id=&#8221;1716475989965-3d85042c-c1cc&#8221;][vc_column_text]No ano de 2018 o Programa de Pos-Gradua\u00e7\u00e3o em Ci\u00eancias e Tecnologia Ambiental recebeu recursos PROAP\/CAPES no valor de R$ = 36.834,87, o qual foi rateado com os orientadores e orientandos.[\/vc_column_text][\/vc_tta_section][vc_tta_section title=&#8221;2017&#8243; tab_id=&#8221;1716475989367-ed76fc5f-312d&#8221;][vc_column_text]No ano de 2017 o Programa de Pos-Gradua\u00e7\u00e3o em Ci\u00eancias e Tecnologia Ambiental recebeu recursos PROAP\/CAPES no valor de R$ = 30.22,50, o qual foi rateado com os orientadores e orientandos.[\/vc_column_text][\/vc_tta_section][vc_tta_section title=&#8221;2016&#8243; tab_id=&#8221;1716475989199-def50eb4-eaf2&#8243;][vc_column_text]No ano de 2016 o Programa de Pos-Gradua\u00e7\u00e3o em Ci\u00eancias e Tecnologia Ambiental recebeu recursos PROAP\/CAPES no valor de R$ = 10.828,39, o qual foi rateado com os orientadores e orientandos.[\/vc_column_text][\/vc_tta_section][vc_tta_section title=&#8221;2015&#8243; tab_id=&#8221;1716475989022-8a0afc62-ff77&#8243;][vc_column_text]No ano de 2015 o Programa de Pos-Gradua\u00e7\u00e3o em Ci\u00eancias e Tecnologia Ambiental recebeu recursos PROAP\/CAPES no valor de R$ = 19.000,00, o qual foi rateado com os orientadores e orientandos.[\/vc_column_text][\/vc_tta_section][vc_tta_section title=&#8221;2014&#8243; tab_id=&#8221;1716475988854-28a4f010-98a5&#8243;][vc_column_text]No ano de 2014 o Programa de Pos-Gradua\u00e7\u00e3o em Ci\u00eancias e Tecnologia Ambiental recebeu recursos PROAP\/CAPES no valor de R$ = 76.000,00, o qual foi rateado com os orientadores e orientandos.[\/vc_column_text][\/vc_tta_section][vc_tta_section title=&#8221;2013&#8243; tab_id=&#8221;1716475988232-e190f719-32cf&#8221;][vc_column_text]No ano de 2013 o Programa de Pos-Gradua\u00e7\u00e3o em Ci\u00eancias e Tecnologia Ambiental recebeu recursos PROAP\/CAPES no valor de R$ = 68.000,00, o qual foi rateado com os orientadores e orientandos.[\/vc_column_text][\/vc_tta_section][\/vc_tta_tabs][\/vc_column][\/vc_row]<\/p>\n<\/div>","protected":false},"excerpt":{"rendered":"<p>[vc_row][vc_column][vc_column_text]O Programa de Apoio \u00e0 P\u00f3s-Gradua\u00e7\u00e3o &#8211; PROAP destina-se a proporcionar melhores condi\u00e7\u00f5es para a forma\u00e7\u00e3o de recursos humanos, a produ\u00e7\u00e3o e o aprofundamento do conhecimento nos cursos de p\u00f3s\u2011gradua\u00e7\u00e3o stricto sensu, ministrados pelas Institui\u00e7\u00f5es de Ensino Superior P\u00fablicas &#8211; IES, observados os seguintes aspectos: apoio \u00e0s atividades inovadoras dos programas de p\u00f3s-gradua\u00e7\u00e3o, voltadas para <a class=\"leiamais\" href=\"https:\/\/pos-graduacao.uepb.edu.br\/ppgcta\/proapcapes\/\">Leia Mais&#8230;<\/a><\/p>\n","protected":false},"author":5,"featured_media":0,"parent":0,"menu_order":0,"comment_status":"open","ping_status":"open","template":"","meta":{"footnotes":""},"class_list":["post-43","page","type-page","status-publish","hentry"],"_links":{"self":[{"href":"https:\/\/pos-graduacao.uepb.edu.br\/ppgcta\/wp-json\/wp\/v2\/pages\/43","targetHints":{"allow":["GET"]}}],"collection":[{"href":"https:\/\/pos-graduacao.uepb.edu.br\/ppgcta\/wp-json\/wp\/v2\/pages"}],"about":[{"href":"https:\/\/pos-graduacao.uepb.edu.br\/ppgcta\/wp-json\/wp\/v2\/types\/page"}],"author":[{"embeddable":true,"href":"https:\/\/pos-graduacao.uepb.edu.br\/ppgcta\/wp-json\/wp\/v2\/users\/5"}],"replies":[{"embeddable":true,"href":"https:\/\/pos-graduacao.uepb.edu.br\/ppgcta\/wp-json\/wp\/v2\/comments?post=43"}],"version-history":[{"count":20,"href":"https:\/\/pos-graduacao.uepb.edu.br\/ppgcta\/wp-json\/wp\/v2\/pages\/43\/revisions"}],"predecessor-version":[{"id":2522,"href":"https:\/\/pos-graduacao.uepb.edu.br\/ppgcta\/wp-json\/wp\/v2\/pages\/43\/revisions\/2522"}],"wp:attachment":[{"href":"https:\/\/pos-graduacao.uepb.edu.br\/ppgcta\/wp-json\/wp\/v2\/media?parent=43"}],"curies":[{"name":"wp","href":"https:\/\/api.w.org\/{rel}","templated":true}]}}

<div class="wpb-content-wrapper"><p>[vc_row][vc_column][vc_column_text]O Programa de Apoio à Pós-Graduação &#8211; <strong>PROAP</strong> destina-se a proporcionar melhores condições para a formação de recursos humanos, a produção e o aprofundamento do conhecimento nos cursos de pós‑graduação <em>stricto sensu,</em> ministrados pelas Instituições de Ensino Superior Públicas &#8211; IES, observados os seguintes aspectos:</p>
<ul>
<li>apoio às atividades inovadoras dos programas de pós-graduação, voltadas para o seu desenvolvimento aca­dêmico, visando oferecer formação cada vez mais qualificada e diversificada aos estudantes de pós-graduação;</li>
<li>utilização dos recursos disponíveis à titulação de mestres e doutores em número capaz de atender as principais <strong> </strong>necessidades da demanda nacional e em tempo adequado;</li>
<li>acesso aos recursos direcionados ao custeio das atividades acadêmicas e de pesquisa dos programas de pós‑graduação relacionadas aos estudos de dissertação e tese dos estudantes de pós‑graduação e à manutenção e desenvolvimento desses programas; e</li>
<li>apoio ao desenvolvimento dos trabalhos de planejamento, definição e execução da política Institucional de pós-graduação e a articulação da participação da IES no PROAP.</li>
</ul>
<p><a href="https://pos-graduacao.uepb.edu.br/ppgcta/download/portaria-regulamento-do-programa-de-apoio-a-pos-graduacao-proap/?wpdmdl=2417&amp;masterkey" target="_blank" rel="noopener">Portaria: Regulamento do programa de apóio à Pós–Graduação &#8211; PROAP.</a>[/vc_column_text][/vc_column][/vc_row][vc_row][vc_column][vc_text_separator title=&#8221;Recursos recebidos:&#8221; title_align=&#8221;separator_align_left&#8221; css=&#8221;.vc_custom_1716476233869{margin-top: 20px !important;margin-bottom: 20px !important;}&#8221;][vc_tta_tabs][vc_tta_section title=&#8221;2019&#8243; tab_id=&#8221;1716475971653-39c90f2d-6297&#8243;][vc_column_text]No ano de 2019 o Programa de Pos-Graduação em Ciências e Tecnologia Ambiental recebeu recursos PROAP/CAPES no valor de R$ = 38.834,87, o qual foi rateado com os orientadores e orientandos.[/vc_column_text][/vc_tta_section][vc_tta_section title=&#8221;2018&#8243; tab_id=&#8221;1716475989965-3d85042c-c1cc&#8221;][vc_column_text]No ano de 2018 o Programa de Pos-Graduação em Ciências e Tecnologia Ambiental recebeu recursos PROAP/CAPES no valor de R$ = 36.834,87, o qual foi rateado com os orientadores e orientandos.[/vc_column_text][/vc_tta_section][vc_tta_section title=&#8221;2017&#8243; tab_id=&#8221;1716475989367-ed76fc5f-312d&#8221;][vc_column_text]No ano de 2017 o Programa de Pos-Graduação em Ciências e Tecnologia Ambiental recebeu recursos PROAP/CAPES no valor de R$ = 30.22,50, o qual foi rateado com os orientadores e orientandos.[/vc_column_text][/vc_tta_section][vc_tta_section title=&#8221;2016&#8243; tab_id=&#8221;1716475989199-def50eb4-eaf2&#8243;][vc_column_text]No ano de 2016 o Programa de Pos-Graduação em Ciências e Tecnologia Ambiental recebeu recursos PROAP/CAPES no valor de R$ = 10.828,39, o qual foi rateado com os orientadores e orientandos.[/vc_column_text][/vc_tta_section][vc_tta_section title=&#8221;2015&#8243; tab_id=&#8221;1716475989022-8a0afc62-ff77&#8243;][vc_column_text]No ano de 2015 o Programa de Pos-Graduação em Ciências e Tecnologia Ambiental recebeu recursos PROAP/CAPES no valor de R$ = 19.000,00, o qual foi rateado com os orientadores e orientandos.[/vc_column_text][/vc_tta_section][vc_tta_section title=&#8221;2014&#8243; tab_id=&#8221;1716475988854-28a4f010-98a5&#8243;][vc_column_text]No ano de 2014 o Programa de Pos-Graduação em Ciências e Tecnologia Ambiental recebeu recursos PROAP/CAPES no valor de R$ = 76.000,00, o qual foi rateado com os orientadores e orientandos.[/vc_column_text][/vc_tta_section][vc_tta_section title=&#8221;2013&#8243; tab_id=&#8221;1716475988232-e190f719-32cf&#8221;][vc_column_text]No ano de 2013 o Programa de Pos-Graduação em Ciências e Tecnologia Ambiental recebeu recursos PROAP/CAPES no valor de R$ = 68.000,00, o qual foi rateado com os orientadores e orientandos.[/vc_column_text][/vc_tta_section][/vc_tta_tabs][/vc_column][/vc_row]</p>
</div>

<p>[vc_row][vc_column][vc_column_text]O Programa de Apoio à Pós-Graduação &#8211; PROAP destina-se a proporcionar melhores condições para a formação de recursos humanos, a produção e o aprofundamento do conhecimento nos cursos de pós‑graduação stricto sensu, ministrados pelas Instituições de Ensino Superior Públicas &#8211; IES, observados os seguintes aspectos: apoio às atividades inovadoras dos programas de pós-graduação, voltadas para <a class="leiamais" href="https://pos-graduacao.uepb.edu.br/ppgcta/proapcapes/">Leia Mais&#8230;</a></p>
