{"id":16,"date":"2012-01-18T15:38:44","date_gmt":"2012-01-18T15:38:44","guid":{"rendered":"http:\/\/pos-graduacao.ascom.uepb.edu.br\/ppcta\/?page_id=16"},"modified":"2024-05-23T18:31:28","modified_gmt":"2024-05-23T18:31:28","slug":"corpo-discente","status":"publish","type":"page","link":"https:\/\/pos-graduacao.uepb.edu.br\/ppgcta\/corpo-discente\/","title":{"rendered":"Corpo Discente"},"content":{"rendered":"<div class=\"wpb-content-wrapper\"><p>[vc_row gap=&#8221;30&#8243;][vc_column][vc_text_separator title=&#8221;MESTRADO&#8221; title_align=&#8221;separator_align_left&#8221; css=&#8221;.vc_custom_1716488941734{margin-top: 20px !important;margin-bottom: 20px !important;}&#8221;][vc_tta_tabs][vc_tta_section title=&#8221;2018.1&#8243; tab_id=&#8221;1716488528388-8067ae41-7dd7&#8243;][vc_column_text]\n<table id=\"tablepress-11\" class=\"tablepress tablepress-id-11\">\n<thead>\n<tr class=\"row-1\">\n\t<th class=\"column-1\"><strong>Discente<\/strong><\/th><th class=\"column-2\"><strong>Orientador<\/strong><\/th>\n<\/tr>\n<\/thead>\n<tbody class=\"row-striping row-hover\">\n<tr class=\"row-2\">\n\t<td class=\"column-1\">Isabella Vieira Santos<\/td><td class=\"column-2\">Adrianus Cornelius van Haandel <\/td>\n<\/tr>\n<tr class=\"row-3\">\n\t<td class=\"column-1\">Martina de Sousa Maia<\/td><td class=\"column-2\">Adrianus Cornelius van Haandel <\/td>\n<\/tr>\n<tr class=\"row-4\">\n\t<td class=\"column-1\">Maria Karolina Borba Cardoso<\/td><td class=\"column-2\">Carlos Ant\u00f4nio Pereira de Lima<\/td>\n<\/tr>\n<tr class=\"row-5\">\n\t<td class=\"column-1\">Yohanna Jamilla Vilar de Brito<\/td><td class=\"column-2\">Carlos Ant\u00f4nio Pereira de Lima<\/td>\n<\/tr>\n<tr class=\"row-6\">\n\t<td class=\"column-1\">Fellipe Farias Crispiniano<\/td><td class=\"column-2\">Fernando Fernandes Vieira<\/td>\n<\/tr>\n<tr class=\"row-7\">\n\t<td class=\"column-1\">Cinthia Sany Fran\u00e7a Xavier<\/td><td class=\"column-2\">Fernando Fernandes Vieira<\/td>\n<\/tr>\n<tr class=\"row-8\">\n\t<td class=\"column-1\">Rejane Mirelle Izabel Porto<\/td><td class=\"column-2\">Jos\u00e9 Fideles Filho<\/td>\n<\/tr>\n<tr class=\"row-9\">\n\t<td class=\"column-1\">Jos\u00e9 Aldo Pereira de Vasconcelos<\/td><td class=\"column-2\">Jos\u00e9 Fideles Filho<\/td>\n<\/tr>\n<tr class=\"row-10\">\n\t<td class=\"column-1\">Mar\u00edlia Patr\u00edcio Alves<\/td><td class=\"column-2\">Jos\u00e9 Tavares De Sousa <\/td>\n<\/tr>\n<tr class=\"row-11\">\n\t<td class=\"column-1\">Karla Lu\u00edsa Feitosa de Lira<\/td><td class=\"column-2\">Rui de Oliveira<\/td>\n<\/tr>\n<tr class=\"row-12\">\n\t<td class=\"column-1\">Kaio Cesar Formiga Caetano<\/td><td class=\"column-2\">Rui de Oliveira<\/td>\n<\/tr>\n<tr class=\"row-13\">\n\t<td class=\"column-1\">S\u00e9rvio T\u00falio Cavalcante Ara\u00fajo<\/td><td class=\"column-2\">Valderi Duarte Leite<\/td>\n<\/tr>\n<tr class=\"row-14\">\n\t<td class=\"column-1\">Dirceane de Queiroz Justiniano<\/td><td class=\"column-2\">Valderi Duarte Leite<\/td>\n<\/tr>\n<tr class=\"row-15\">\n\t<td class=\"column-1\">Raphael Almeida de Lima<\/td><td class=\"column-2\">William de Paiva<\/td>\n<\/tr>\n<tr class=\"row-16\">\n\t<td class=\"column-1\">Ricardo Ant\u00f4nio Ferreira da Silva<\/td><td class=\"column-2\">William de Paiva<\/td>\n<\/tr>\n<tr class=\"row-17\">\n\t<td class=\"column-1\">Juanne Nogueira Nascimento<\/td><td class=\"column-2\">Wilton Silva Lopes<\/td>\n<\/tr>\n<tr class=\"row-18\">\n\t<td class=\"column-1\">Rafaela Barbosa Santos<\/td><td class=\"column-2\">Wilton Silva Lopes<\/td>\n<\/tr>\n<\/tbody>\n<\/table>\n<!-- #tablepress-11 from cache -->[\/vc_column_text][\/vc_tta_section][vc_tta_section title=&#8221;2018.2&#8243; tab_id=&#8221;1716488528399-c94cd654-fb72&#8243;][vc_column_text]\n<table id=\"tablepress-16\" class=\"tablepress tablepress-id-16\">\n<thead>\n<tr class=\"row-1\">\n\t<th class=\"column-1\">Discente<\/th><th class=\"column-2\">Orientador<\/th>\n<\/tr>\n<\/thead>\n<tbody class=\"row-striping row-hover\">\n<tr class=\"row-2\">\n\t<td class=\"column-1\">Ant\u00f4nio Fraga Freitas<\/td><td class=\"column-2\">Valderi Duarte Leite<\/td>\n<\/tr>\n<tr class=\"row-3\">\n\t<td class=\"column-1\">Fabiano da Silva Ara\u00fajo<\/td><td class=\"column-2\">Ana Roberta da S. Paulino<\/td>\n<\/tr>\n<tr class=\"row-4\">\n\t<td class=\"column-1\">F\u00e1bio Batista Pereira Maia<\/td><td class=\"column-2\">Lourivaldo Mota Lima<\/td>\n<\/tr>\n<tr class=\"row-5\">\n\t<td class=\"column-1\">Gerl\u00e2ndia Soares Bias<\/td><td class=\"column-2\">Jos\u00e9 Tavares de Sousa <\/td>\n<\/tr>\n<tr class=\"row-6\">\n\t<td class=\"column-1\">Janailma Patr\u00edcia M. Ferreira<\/td><td class=\"column-2\">Monica Maria P. da Silva<\/td>\n<\/tr>\n<tr class=\"row-7\">\n\t<td class=\"column-1\">Milena Nunes Dantas<\/td><td class=\"column-2\">Jos\u00e9 Ethan de L. Barbosa<\/td>\n<\/tr>\n<tr class=\"row-8\">\n\t<td class=\"column-1\">Ozires T. B. de L. Pequeno<\/td><td class=\"column-2\">Ana Roberta da S. Paulino<\/td>\n<\/tr>\n<tr class=\"row-9\">\n\t<td class=\"column-1\">Pedro Ivo Soares e Silva<\/td><td class=\"column-2\">Jose Tavares de Sousa <\/td>\n<\/tr>\n<tr class=\"row-10\">\n\t<td class=\"column-1\">Salom\u00e3o David S. Menezes<\/td><td class=\"column-2\">William de Paiva <\/td>\n<\/tr>\n<\/tbody>\n<\/table>\n<!-- #tablepress-16 from cache -->[\/vc_column_text][\/vc_tta_section][vc_tta_section title=&#8221;2019.1&#8243; tab_id=&#8221;1716488561523-96e99617-b2de&#8221;][vc_column_text]\n<table id=\"tablepress-37\" class=\"tablepress tablepress-id-37\">\n<thead>\n<tr class=\"row-1\">\n\t<th class=\"column-1\">Discente<\/th><th class=\"column-2\">Orientador<\/th>\n<\/tr>\n<\/thead>\n<tbody class=\"row-striping row-hover\">\n<tr class=\"row-2\">\n\t<td class=\"column-1\">Adriano Oliveira da Silva<\/td><td class=\"column-2\">Carlos Ant\u00f4nio Pereira de Lima<\/td>\n<\/tr>\n<tr class=\"row-3\">\n\t<td class=\"column-1\">Andreia Freitas Silva<\/td><td class=\"column-2\">William de Paiva<\/td>\n<\/tr>\n<tr class=\"row-4\">\n\t<td class=\"column-1\">Augusto Ponciano Barbosa da Silva<\/td><td class=\"column-2\">Rui de Oliveira<\/td>\n<\/tr>\n<tr class=\"row-5\">\n\t<td class=\"column-1\">Bruna Aline Araujo<\/td><td class=\"column-2\">Carlos Ant\u00f4nio Pereira de Lima<\/td>\n<\/tr>\n<tr class=\"row-6\">\n\t<td class=\"column-1\">Dorgival Candido de Albuquerque Jr.<\/td><td class=\"column-2\">Lourivaldo Mota Lima<\/td>\n<\/tr>\n<tr class=\"row-7\">\n\t<td class=\"column-1\">Gabriely Dias Dantas<\/td><td class=\"column-2\">Valderi Duarte Leite<\/td>\n<\/tr>\n<tr class=\"row-8\">\n\t<td class=\"column-1\">Jefferson Santos de Amorim<\/td><td class=\"column-2\">Valderi Duarte Leite<\/td>\n<\/tr>\n<tr class=\"row-9\">\n\t<td class=\"column-1\">J\u00e9ssica Ara\u00fajo Leite Martildes<\/td><td class=\"column-2\">William de Paiva<\/td>\n<\/tr>\n<tr class=\"row-10\">\n\t<td class=\"column-1\">Lais Montenegro Teixeira<\/td><td class=\"column-2\">Fernando Fernandes Vieira<\/td>\n<\/tr>\n<tr class=\"row-11\">\n\t<td class=\"column-1\">Lucas dos Santos Sousa<\/td><td class=\"column-2\">Fernando Fernandes Vieira<\/td>\n<\/tr>\n<tr class=\"row-12\">\n\t<td class=\"column-1\">Marcelo F\u00e9lix de Souza J\u00fanior<\/td><td class=\"column-2\">Rui de Oliveira<\/td>\n<\/tr>\n<tr class=\"row-13\">\n\t<td class=\"column-1\">Olavio Rocha Neto<\/td><td class=\"column-2\">Jos\u00e9 Fideles Filho<\/td>\n<\/tr>\n<tr class=\"row-14\">\n\t<td class=\"column-1\">Priscilla Gomes Barbosa<\/td><td class=\"column-2\">Jos\u00e9 Fideles Filho<\/td>\n<\/tr>\n<tr class=\"row-15\">\n\t<td class=\"column-1\">Tim\u00f3teo Silva Ferreira<\/td><td class=\"column-2\">Jos\u00e9 Tavares de Sousa<\/td>\n<\/tr>\n<\/tbody>\n<\/table>\n<!-- #tablepress-37 from cache -->[\/vc_column_text][\/vc_tta_section][\/vc_tta_tabs][vc_text_separator title=&#8221;DOUTORADO&#8221; title_align=&#8221;separator_align_left&#8221; css=&#8221;.vc_custom_1716489025250{margin-top: 30px !important;margin-bottom: 30px !important;}&#8221;][vc_tta_tabs][vc_tta_section title=&#8221;2019&#8243; tab_id=&#8221;1716488655146-e1077843-7315&#8243;][vc_column_text]\n<table id=\"tablepress-19\" class=\"tablepress tablepress-id-19\">\n<thead>\n<tr class=\"row-1\">\n\t<th class=\"column-1\">Discente<\/th><th class=\"column-2\">Orientador<\/th>\n<\/tr>\n<\/thead>\n<tbody class=\"row-striping row-hover\">\n<tr class=\"row-2\">\n\t<td class=\"column-1\">Ana Alice Quintans De Ara\u00fajo<\/td><td class=\"column-2\">Rui de Oliveira<\/td>\n<\/tr>\n<tr class=\"row-3\">\n\t<td class=\"column-1\">Daniely de Lucena Silva<\/td><td class=\"column-2\">Joseline Molozzi<\/td>\n<\/tr>\n<tr class=\"row-4\">\n\t<td class=\"column-1\">Ketyla Karla Rodrigues do Nascimento<\/td><td class=\"column-2\">Fernando Fernandes Veira<\/td>\n<\/tr>\n<tr class=\"row-5\">\n\t<td class=\"column-1\">Roberta Milena Moura Rodrigues<\/td><td class=\"column-2\">Jos\u00e9 Etham de Lucena Barbosa<\/td>\n<\/tr>\n<tr class=\"row-6\">\n\t<td class=\"column-1\">Sinara Martins Camelo<\/td><td class=\"column-2\">Fernando Fernandes Veira<\/td>\n<\/tr>\n<tr class=\"row-7\">\n\t<td class=\"column-1\">Vanessa Rosales Bezerra<\/td><td class=\"column-2\">Carlos Ant\u00f4nio Pereira de Lima<\/td>\n<\/tr>\n<\/tbody>\n<\/table>\n<!-- #tablepress-19 from cache -->[\/vc_column_text][\/vc_tta_section][vc_tta_section title=&#8221;2018.3&#8243; tab_id=&#8221;1716488847647-5be1eb93-f8e7&#8243;][vc_column_text]\n<table id=\"tablepress-18\" class=\"tablepress tablepress-id-18\">\n<thead>\n<tr class=\"row-1\">\n\t<th class=\"column-1\">Discente<\/th><th class=\"column-2\">Orientador<\/th>\n<\/tr>\n<\/thead>\n<tbody class=\"row-striping row-hover\">\n<tr class=\"row-2\">\n\t<td class=\"column-1\">Carlos Alberto Alves Barreto<\/td><td class=\"column-2\">William de Paiva<\/td>\n<\/tr>\n<tr class=\"row-3\">\n\t<td class=\"column-1\">Ediano Duarte de Lima<\/td><td class=\"column-2\">Beatriz Susana O. de Ceballos<\/td>\n<\/tr>\n<tr class=\"row-4\">\n\t<td class=\"column-1\">Jos\u00e9 Raniery Rodrigues Cirne<\/td><td class=\"column-2\">Wilton Silva Lopes<\/td>\n<\/tr>\n<tr class=\"row-5\">\n\t<td class=\"column-1\">Salom\u00e3o de Andrade Pascoal<\/td><td class=\"column-2\">Carlos Ant\u00f4nio Pereira de Lima<\/td>\n<\/tr>\n<tr class=\"row-6\">\n\t<td class=\"column-1\">Wanderson Barbosa da S. Feitosa<\/td><td class=\"column-2\">Jose Tavares de Sousa <\/td>\n<\/tr>\n<\/tbody>\n<\/table>\n<!-- #tablepress-18 from cache -->[\/vc_column_text][\/vc_tta_section][vc_tta_section title=&#8221;2018.2&#8243; tab_id=&#8221;1716488655159-504acfda-876e&#8221;][vc_column_text]\n<table id=\"tablepress-17\" class=\"tablepress tablepress-id-17\">\n<thead>\n<tr class=\"row-1\">\n\t<th class=\"column-1\">Discente<\/th><th class=\"column-2\">Orientador<\/th>\n<\/tr>\n<\/thead>\n<tbody class=\"row-striping row-hover\">\n<tr class=\"row-2\">\n\t<td class=\"column-1\">Amanda da Silva Barbosa<\/td><td class=\"column-2\">Valderi Duarte Leite<\/td>\n<\/tr>\n<tr class=\"row-3\">\n\t<td class=\"column-1\">Emmanuel Eduardo V. de Farias<\/td><td class=\"column-2\">Rui de Oliveira<\/td>\n<\/tr>\n<tr class=\"row-4\">\n\t<td class=\"column-1\">Regina Wanessa Geraldo C. Lima<\/td><td class=\"column-2\">Joseline Mollozi<\/td>\n<\/tr>\n<tr class=\"row-5\">\n\t<td class=\"column-1\">Valter Luis Dos Santos<\/td><td class=\"column-2\">Adrianus Cornelius van Haandel<\/td>\n<\/tr>\n<\/tbody>\n<\/table>\n<!-- #tablepress-17 from cache -->[\/vc_column_text][\/vc_tta_section][vc_tta_section title=&#8221;2018.1&#8243; tab_id=&#8221;1716488706255-41703b1b-4c99&#8243;][vc_column_text]\n<table id=\"tablepress-15\" class=\"tablepress tablepress-id-15\">\n<thead>\n<tr class=\"row-1\">\n\t<th class=\"column-1\"><strong>Discente<\/strong><\/th><th class=\"column-2\"><strong>Orientador<\/strong><\/th>\n<\/tr>\n<\/thead>\n<tbody class=\"row-striping row-hover\">\n<tr class=\"row-2\">\n\t<td class=\"column-1\">Luciana Le\u00f4ncio Bertino Cabral<\/td><td class=\"column-2\">Jos\u00e9 Tavares de Sousa <\/td>\n<\/tr>\n<tr class=\"row-3\">\n\t<td class=\"column-1\">Chayenny Edna da Silva Rodrigues <\/td><td class=\"column-2\">Lourivaldo Mota Lima<\/td>\n<\/tr>\n<tr class=\"row-4\">\n\t<td class=\"column-1\">Giselaine Maria Gomes de Medeiros<\/td><td class=\"column-2\">Wilton Silva Lopes<\/td>\n<\/tr>\n<tr class=\"row-5\">\n\t<td class=\"column-1\">Maria Virg\u00ednia da Concei\u00e7\u00e3o Albuquerque<\/td><td class=\"column-2\">Wilton Silva Lopes<\/td>\n<\/tr>\n<\/tbody>\n<\/table>\n<!-- #tablepress-15 from cache -->[\/vc_column_text][\/vc_tta_section][vc_tta_section title=&#8221;2017&#8243; tab_id=&#8221;1716488655173-16a0fe93-99e5&#8243;][vc_column_text]\n<table id=\"tablepress-14\" class=\"tablepress tablepress-id-14\">\n<thead>\n<tr class=\"row-1\">\n\t<th class=\"column-1\">Discente<\/th><th class=\"column-2\">Orientador<\/th>\n<\/tr>\n<\/thead>\n<tbody class=\"row-striping row-hover\">\n<tr class=\"row-2\">\n\t<td class=\"column-1\">Johan Kely Alves Barbosa<\/td><td class=\"column-2\">Adrianus Cornelius van Haandel <\/td>\n<\/tr>\n<tr class=\"row-3\">\n\t<td class=\"column-1\">H\u00e9rika Cavalcante Dantas da Silva<\/td><td class=\"column-2\">Jos\u00e9 Etham De Lucena Barbosa<\/td>\n<\/tr>\n<tr class=\"row-4\">\n\t<td class=\"column-1\">Kely Dayane Silva do \u00d3<\/td><td class=\"column-2\">Jos\u00e9 Tavares de Sousa<\/td>\n<\/tr>\n<tr class=\"row-5\">\n\t<td class=\"column-1\">Jacob Fortuna Jos\u00e9 Chimuca<\/td><td class=\"column-2\">Jos\u00e9 Tavares de Sousa<\/td>\n<\/tr>\n<tr class=\"row-6\">\n\t<td class=\"column-1\">Valneli da Silva Melo<\/td><td class=\"column-2\">Lourivaldo Mota Lima<\/td>\n<\/tr>\n<tr class=\"row-7\">\n\t<td class=\"column-1\">Maria C\u00e9lia Cavalcante de Paula e Silva<\/td><td class=\"column-2\">Valderi Duarte Leite<\/td>\n<\/tr>\n<tr class=\"row-8\">\n\t<td class=\"column-1\">Thales Lacerda Querino de Albuquerque<\/td><td class=\"column-2\">Wilton Silva Lopes<\/td>\n<\/tr>\n<tr class=\"row-9\">\n\t<td class=\"column-1\">Eliane de Andrade Ara\u00fajo Pereira<\/td><td class=\"column-2\">Wilton Silva Lopes<\/td>\n<\/tr>\n<\/tbody>\n<\/table>\n<!-- #tablepress-14 from cache -->[\/vc_column_text][\/vc_tta_section][vc_tta_section title=&#8221;2016&#8243; tab_id=&#8221;1716488722778-f29dda43-5fa6&#8243;][vc_column_text]\n<table id=\"tablepress-13\" class=\"tablepress tablepress-id-13\">\n<thead>\n<tr class=\"row-1\">\n\t<th class=\"column-1\"><strong>Discente<\/strong><\/th><th class=\"column-2\"><strong>Orientador<\/strong><\/th>\n<\/tr>\n<\/thead>\n<tbody class=\"row-striping row-hover\">\n<tr class=\"row-2\">\n\t<td class=\"column-1\">Wilma Izabelly Ananias Gomes<\/td><td class=\"column-2\">Joseline Molozzi<\/td>\n<\/tr>\n<tr class=\"row-3\">\n\t<td class=\"column-1\">Luana de Morais e Silva<\/td><td class=\"column-2\">Wilton Silva Lopes<\/td>\n<\/tr>\n<\/tbody>\n<\/table>\n<!-- #tablepress-13 from cache -->[\/vc_column_text][\/vc_tta_section][\/vc_tta_tabs][\/vc_column][\/vc_row]<\/p>\n<\/div>","protected":false},"excerpt":{"rendered":"<p>[vc_row gap=&#8221;30&#8243;][vc_column][vc_text_separator title=&#8221;MESTRADO&#8221; title_align=&#8221;separator_align_left&#8221; css=&#8221;.vc_custom_1716488941734{margin-top: 20px !important;margin-bottom: 20px !important;}&#8221;][vc_tta_tabs][vc_tta_section title=&#8221;2018.1&#8243; tab_id=&#8221;1716488528388-8067ae41-7dd7&#8243;][vc_column_text][\/vc_column_text][\/vc_tta_section][vc_tta_section title=&#8221;2018.2&#8243; tab_id=&#8221;1716488528399-c94cd654-fb72&#8243;][vc_column_text][\/vc_column_text][\/vc_tta_section][vc_tta_section title=&#8221;2019.1&#8243; tab_id=&#8221;1716488561523-96e99617-b2de&#8221;][vc_column_text][\/vc_column_text][\/vc_tta_section][\/vc_tta_tabs][vc_text_separator title=&#8221;DOUTORADO&#8221; title_align=&#8221;separator_align_left&#8221; css=&#8221;.vc_custom_1716489025250{margin-top: 30px !important;margin-bottom: 30px !important;}&#8221;][vc_tta_tabs][vc_tta_section title=&#8221;2019&#8243; tab_id=&#8221;1716488655146-e1077843-7315&#8243;][vc_column_text][\/vc_column_text][\/vc_tta_section][vc_tta_section title=&#8221;2018.3&#8243; tab_id=&#8221;1716488847647-5be1eb93-f8e7&#8243;][vc_column_text][\/vc_column_text][\/vc_tta_section][vc_tta_section title=&#8221;2018.2&#8243; tab_id=&#8221;1716488655159-504acfda-876e&#8221;][vc_column_text][\/vc_column_text][\/vc_tta_section][vc_tta_section title=&#8221;2018.1&#8243; tab_id=&#8221;1716488706255-41703b1b-4c99&#8243;][vc_column_text][\/vc_column_text][\/vc_tta_section][vc_tta_section title=&#8221;2017&#8243; tab_id=&#8221;1716488655173-16a0fe93-99e5&#8243;][vc_column_text][\/vc_column_text][\/vc_tta_section][vc_tta_section title=&#8221;2016&#8243; tab_id=&#8221;1716488722778-f29dda43-5fa6&#8243;][vc_column_text][\/vc_column_text][\/vc_tta_section][\/vc_tta_tabs][\/vc_column][\/vc_row]<\/p>\n","protected":false},"author":5,"featured_media":0,"parent":0,"menu_order":0,"comment_status":"open","ping_status":"open","template":"","meta":{"footnotes":""},"class_list":["post-16","page","type-page","status-publish","hentry"],"_links":{"self":[{"href":"https:\/\/pos-graduacao.uepb.edu.br\/ppgcta\/wp-json\/wp\/v2\/pages\/16","targetHints":{"allow":["GET"]}}],"collection":[{"href":"https:\/\/pos-graduacao.uepb.edu.br\/ppgcta\/wp-json\/wp\/v2\/pages"}],"about":[{"href":"https:\/\/pos-graduacao.uepb.edu.br\/ppgcta\/wp-json\/wp\/v2\/types\/page"}],"author":[{"embeddable":true,"href":"https:\/\/pos-graduacao.uepb.edu.br\/ppgcta\/wp-json\/wp\/v2\/users\/5"}],"replies":[{"embeddable":true,"href":"https:\/\/pos-graduacao.uepb.edu.br\/ppgcta\/wp-json\/wp\/v2\/comments?post=16"}],"version-history":[{"count":81,"href":"https:\/\/pos-graduacao.uepb.edu.br\/ppgcta\/wp-json\/wp\/v2\/pages\/16\/revisions"}],"predecessor-version":[{"id":2535,"href":"https:\/\/pos-graduacao.uepb.edu.br\/ppgcta\/wp-json\/wp\/v2\/pages\/16\/revisions\/2535"}],"wp:attachment":[{"href":"https:\/\/pos-graduacao.uepb.edu.br\/ppgcta\/wp-json\/wp\/v2\/media?parent=16"}],"curies":[{"name":"wp","href":"https:\/\/api.w.org\/{rel}","templated":true}]}}