{"id":12,"date":"2012-01-18T15:25:25","date_gmt":"2012-01-18T15:25:25","guid":{"rendered":"http:\/\/pos-graduacao.ascom.uepb.edu.br\/ppcta\/?page_id=12"},"modified":"2026-01-22T11:58:20","modified_gmt":"2026-01-22T11:58:20","slug":"corpo-docente","status":"publish","type":"page","link":"https:\/\/pos-graduacao.uepb.edu.br\/ppgcta\/corpo-docente\/","title":{"rendered":"Corpo Docente"},"content":{"rendered":"<div class=\"wpb-content-wrapper\"><p>[vc_row][vc_column][vc_tta_tabs][vc_tta_section title=&#8221;Docentes Permanentes&#8221; tab_id=&#8221;1716484810937-beb0af53-7ad3&#8243;][vc_column_text css=&#8221;&#8221;]<\/p>\n<ul>\n<li><a href=\"http:\/\/buscatextual.cnpq.br\/buscatextual\/visualizacv.do?id=K4164679A4\">Ana Roberta da Silva Paulino<\/a><\/li>\n<\/ul>\n<p>Graduada em F\u00edsica (Universidade Estadual da Para\u00edba-2007), Mestra em\u00a0 Geof\u00edsica Espacial (Instituto Nacional de Pesquisas Espaciais-INPE-2010) ) e Doutora em Geof\u00edsica Espacial (Instituto Nacional de Pesquisas Espaciais-INPE-3013). Atualmente \u00e9 professora do departamento de F\u00edsica da Universidade Estadual da Para\u00edba. Atua na \u00e1rea de Geoci\u00eancias, com \u00eanfase em Aeronomia, atuando principalmente no estudo da din\u00e2mica da Mesosfera-Termosfera-Ionosfera utilizando medidas de instrumento e solo e a bordo de sat\u00e9lite.<span class=\"texto\">\u00a0<\/span><\/p>\n<ul>\n<li><a href=\"http:\/\/buscatextual.cnpq.br\/buscatextual\/visualizacv.do?id=K4784201E5\">Carlos Ant\u00f4nio Pereira de Lima<\/a><\/li>\n<\/ul>\n<p>Graduado em Engenharia Qu\u00edmica (Universidade Federal da Para\u00edba-1988), Mestre em Engenharia Qu\u00edmica (Universidade Federal da Para\u00edba-1993) e Doutor em Engenharia Mec\u00e2nica (Universidade Federal da Para\u00edba-2002). Atualmente \u00e9 professor Doutor Associado-B da Universidade Estadual da Para\u00edba. Atua na \u00e1rea de Engenharia Sanit\u00e1ria e Ambiental, com \u00eanfase em Transfer\u00eancia de Calor e Massa, Fontes Alternativas de Energia e Fotocat\u00e1lise Heterog\u00eanea.<\/p>\n<ul>\n<li><a href=\"http:\/\/buscatextual.cnpq.br\/buscatextual\/visualizacv.do?id=K4780870T6\" target=\"_blank\" rel=\"noopener noreferrer\">Fernando Fernandes Vieira<\/a><\/li>\n<\/ul>\n<p>Graduado em Engenharia Qu\u00edmica (Universidade Federal da Para\u00edba-1986), Mestre em Engenharia Qu\u00edmica (Universidade Federal de Campina Grande-1989) e Doutor em Engenharia Mec\u00e2nica (Universidade Federal da Para\u00edba-2002). Atualmente \u00e9 professor do Departamento de Engenharia Sanit\u00e1ria e Ambiental da Universidade Estadual da Para\u00edba. Atua na \u00e1rea de Descontamina\u00e7\u00e3o Ambiental usando Processos Oxidativos Avan\u00e7ados, Processos de Adsor\u00e7\u00e3o e Modelagem Matem\u00e1tica e Simula\u00e7\u00e3o Computacional de Sistemas Ambientais.<\/p>\n<ul>\n<li><a href=\"http:\/\/lattes.cnpq.br\/9422824238766016\">Geralda Gilvania Cavalcante de Lima<\/a><\/li>\n<\/ul>\n<p>Graduada em Engenharia Qu\u00edmica ( Universidade Federal da Para\u00edba-1988), Mestre em Engenharia Qu\u00edmica (Universidade Federal da Para\u00edba-1993) e Doutora em Engenharia Mec\u00e2nica (Universidade Federal da Para\u00edba-2002). Atualmente \u00e9 professora do Departamento de Engenharia Sanit\u00e1ria e Ambiental da Universidade Estadual da Para\u00edba. Atua na \u00e1rea de Saneamento Ambiental, Tratamento de efluentes, Controle Ambiental, com \u00eanfase nos seguintes temas: Descontamina\u00e7\u00e3o Ambiental, Processos Oxidativos Avan\u00e7ados e Transformada Integral Generalizada(GITT).<\/p>\n<ul>\n<li><a href=\"http:\/\/lattes.cnpq.br\/3418821931567495\">Israel Nunes Henrique<\/a><\/li>\n<\/ul>\n<p>Professor do magist\u00e9rio superior da Universidade Federal de Campina Grande (UFCG) do Centro de Ciencias e Tecnologia Agroalimentar (CCTA) Lotado na Unidade Academica de Tecnologia de Alimentos (UATA)e Professor do Programa de P\u00f3s-gradua\u00e7\u00e3o em Ci\u00eancia e Tecnologia Ambiental (PPGCTA\/UEPB. Integrante do Grupo de Pesquisa em Saneamento Ambiental (GPESA). ex-Coordenador e criador do Laborat\u00f3rio de Tratamento de \u00c1guas Residu\u00e1rias (LabTAR). Atuando principalmente nos seguintes temas: Tratamento e P\u00f3s-tratamento de \u00c1guas Residu\u00e1rias, Tratamento de Residuos Org\u00e2nicos e Re\u00faso de \u00c1gua.Tem experi\u00eancia na \u00e1rea de Saneamento B\u00e1sico, Qualidade de \u00c1gua, Qu\u00edmica da \u00c1gua e F\u00edsico-Qu\u00edmica.<\/p>\n<ul>\n<li><a href=\"http:\/\/lattes.cnpq.br\/4975663601763205\">Jos\u00e9 Wilker de Lima Silva<\/a><\/li>\n<\/ul>\n<p>Vencedor do Pr\u00eamio Lenilde Duarte de S\u00e1 de Teses &#8211; UFPB. Doutor em Engenharia Mec\u00e2nica pela Universidade Federal da Para\u00edba (UFPB) na \u00e1rea de termofluidos. Graduado e Mestre em Matem\u00e1tica pela Universidade Federal do Cear\u00e1 (UFC). \u00c9 professor efetivo da Universidade Estadual da Para\u00edba (UEPB) desde 2007, atualmente vinculado ao Centro de Ci\u00eancias Biol\u00f3gicas e Sociais Aplicadas &#8211; CCBSA. \u00c9 membro permanente do Programa de P\u00f3s-Gradua\u00e7\u00e3o em Ci\u00eancia e Tecnologia Ambiental (PPGCTA\/UEPB). Atua como pesquisador no Grupo de Pesquisa em Tecnologias Ambientais (GPTecA), no grupo Gest\u00e3o da Intelig\u00eancia, Empreendedorismo e Informa\u00e7\u00e3o, no grupo Gest\u00e3o Organizacional P\u00fablica e Privada e no TRIL Lab &#8211; Engenharia Computacional, todos reconhecidos pelo Diret\u00f3rio dos Grupos de Pesquisa do CNPq. Integra ainda o projeto de coopera\u00e7\u00e3o internacional CO2SS, voltado \u00e0 caracteriza\u00e7\u00e3o de estruturas geol\u00f3gicas para armazenamento de carbono. \u00c9 co-l\u00edder do Laborat\u00f3rio de Empreendedorismo, Gest\u00e3o e Intelig\u00eancia (LABEGI\/UEPB) e conselheiro do Conselho Universit\u00e1rio (CONSUNI) da UEPB no bi\u00eanio 2024-2026. Exerce a fun\u00e7\u00e3o de coordenador do curso de Tecnologia em Ci\u00eancia de Dados (UEPB &#8211; Campus Jo\u00e3o Pessoa). Suas \u00e1reas de atua\u00e7\u00e3o incluem geometria da informa\u00e7\u00e3o, geometria diferencial, estat\u00edstica aplicada, processamento de sinais, modelagem matem\u00e1tica e simula\u00e7\u00e3o computacional de sistemas ambientais, com \u00eanfase em aplica\u00e7\u00f5es nas engenharias computacional, ambiental e de petr\u00f3leo.<\/p>\n<ul>\n<li><a href=\"http:\/\/lattes.cnpq.br\/0536073936814089\">Keila Machado de Medeiros<\/a><\/li>\n<\/ul>\n<p>Graduada em Engenharia de Materiais (Universidade Federal de Campina Grande-2008), Qu\u00edmica Industrial (Universidade Estadual da Paraiba-2007), Licenciatura Plena em Qu\u00edmica (Universidade Estadual da Paraiba-2011) e Especialista em Engenharia de Seguran\u00e7a do Trabalho (Sociedade de Ensino Superior e Assessoria T\u00e9cnica-2014), Mestre em Ci\u00eancia e Engenharia de Materiais (Universidade Federal de Campina Grande-2010) e Doutora em \u00a0Ci\u00eancia e Engenharia de Materiais (Universidade Federal de Campina Grande-2014). P\u00f3s-Doutorado PNPD\/CAPES (Universidade Federal de Campina Grande-2016). Atualmente \u00e9 professora da Universidade Federal do Rec\u00f4ncavo da Bahia \u2013 UFRB. Atua em diversas \u00e1reas da Engenharia (de Materiais, de Petr\u00f3leo, Qu\u00edmica, Ambiental, Sanit\u00e1ria e de Seguran\u00e7a do Trabalho). Com \u00eanfase na \u00e1rea de processos avan\u00e7ados de separa\u00e7\u00e3o por membranas (polim\u00e9ricas, cer\u00e2micas e h\u00edbridas), aplicadas no tratamento de \u00e1guas e de sistemas microemulsionados, na dessaliniza\u00e7\u00e3o de \u00e1guas salobras e salinas.<\/p>\n<ul>\n<li><a href=\"http:\/\/lattes.cnpq.br\/6344196123061264\">La\u00e9rcio Leal dos Santos<\/a><\/li>\n<\/ul>\n<p>Graduado em Engenharia Civil (Universidade Federal de Campina Grande-2004), Mestre em Engenharia Civil e Ambiental na \u00e1rea de Recursos H\u00eddricos e Meio Ambiente (Universidade Federal de Campina Grande-2008), Doutor em Engenharia Civil na \u00e1rea de Tecnologia Ambiental e Recursos H\u00eddricos (Universidade Federal de Pernambuco- 2012). Professor do Departamento de Engenharia Sanit\u00e1ria e Ambiental da Universidade Estadual da Para\u00edba \u2013 UEPB. Tem experi\u00eancia na \u00e1rea de Engenharia Civil, com \u00eanfase em Hidr\u00e1ulica, Hidrologia e \u00c1guas Subterr\u00e2neas, atuando principalmente nos seguintes temas: eros\u00e3o, escoamento superficial, modelos, modelagem, hidraulica de po\u00e7os, tratamento de \u00e1gua e bacias-hidrograficas.<\/p>\n<ul>\n<li><a href=\"http:\/\/buscatextual.cnpq.br\/buscatextual\/visualizacv.do?id=K4701209Z0\" target=\"_blank\" rel=\"noopener noreferrer\">Lourivaldo Mota Lima<\/a><\/li>\n<\/ul>\n<p>Graduado em Licenciatura em F\u00edsica (Universidade Estadual da Para\u00edba-1985), Mestre em Meteorologia (Universidade Federal da Para\u00edba-1995) e Doutor em Geof\u00edsica Espacial (Instituto Nacional de Pesquisas Espaciais-2004). P\u00f3s-doutorado (Fakult\u00e4t f\u00fcr Physik und Geowissenschaften\/Institut f\u00fcr Meteorologie\/Universit\u00e4t Leipzig-Alemanha-2016).\u00a0 Atua na \u00e1rea de Geoci\u00eancias, com \u00eanfase em Aeronomia, atuando principalmente nos seguintes temas: din\u00e2mica da alta atmosfera, ondas atmosf\u00e9ricas, radar mete\u00f3rico e luminesc\u00eancia atmosf\u00e9rica.<\/p>\n<ul>\n<li><a href=\"http:\/\/lattes.cnpq.br\/2008550921202824\" target=\"_blank\" rel=\"noopener noreferrer\">Marcia Ramos Luiz<\/a><\/li>\n<\/ul>\n<p>Graduada em Engenharia de Alimentos e Qu\u00edmica Industrial pela Universidade Federal da Para\u00edba, Mestre e Doutora em Engenharia Mec\u00e2nica pela Universidade Federal da Para\u00edba e MBA em Gest\u00e3o Empreendedora e Inova\u00e7\u00e3o pela Universidade Estadual da Para\u00edba. Atualmente \u00e9 professora efetiva do Departamento de Engenharia Sanit\u00e1ria e Ambiental da Universidade Estadual da Para\u00edba. Atua na \u00e1rea de engenharia sanit\u00e1ria e ambiental, com \u00eanfase em estudos experimentais e\/ou modelagem computacional dos processos de secagem, adsor\u00e7\u00e3o e biodigest\u00e3o, bem como no desenvolvimento de produtos com foco no meio ambiente.<\/p>\n<ul>\n<li><a href=\"http:\/\/lattes.cnpq.br\/0252602079342176\">Neyliane Costa de Souza<\/a><\/li>\n<\/ul>\n<p>Professora e chefe do departamento de Engenharia Sanit\u00e1ria e Ambiental da Universidade Estadual da Para\u00edba &#8211; UEPB. Possui gradua\u00e7\u00e3o em Qu\u00edmica Industrial pela Universidade Federal do Cear\u00e1 (2003), mestrado em Eng.Civil &#8211; Saneamento Ambiental pela Universidade Federal do Cear\u00e1 (2006); Doutorado em Eng.Civil &#8211; Saneamento Ambiental &#8211; UFC (2011), e MBA em Per\u00edcia, auditoria e Gest\u00e3o Ambiental (2017). Tem experi\u00eancia na \u00e1rea de Qu\u00edmica Anal\u00edtica, com \u00eanfase em Saneamento Ambiental, atuando principalmente nos seguintes temas: Polui\u00e7\u00e3o ambiental, identifica\u00e7\u00e3o de micropoluentes emergentes, ecotoxicidade, re\u00faso de efluentes, processos oxidativos avan\u00e7ados, gest\u00e3o e auditoria ambiental, e atua\u00e7\u00e3o na extens\u00e3o na area de educa\u00e7\u00e3o ambiental.<\/p>\n<ul>\n<li><a href=\"http:\/\/lattes.cnpq.br\/8177778861197791\">Ruth Silveira do Nascimento<\/a><\/li>\n<\/ul>\n<p>Possui gradua\u00e7\u00e3o em Engenharia Civil pela Universidade Federal da Para\u00edba (1993), gradua\u00e7\u00e3o em Licenciatura Plena Em Matem\u00e1tica pela Universidade Estadual da Para\u00edba (1990), mestrado em Engenharia Civil [C. Grande] pela Universidade Federal da Para\u00edba (1996) e doutorado em Recursos Naturais pela Universidade Federal de Campina Grande (2016). Atuou como coordenadora Cientifica na Funda\u00e7\u00e3o de Apoio a Pesquisa do Estado (FAPESQ\/ 2021). Professora do curso de Engenharia Sanit\u00e1ria e Ambiental na Universidade Estadual da Para\u00edba. Tem experi\u00eancia na \u00e1rea de Engenharia Civil, com \u00eanfase em Saneamento, atuando principalmente nos seguintes temas: drenagem urbana, an\u00e1lise de risco, gest\u00e3o ambiental, qualidade da \u00e1gua, saneamento ambiental e abastecimento de \u00e1gua.<\/p>\n<ul>\n<li><a href=\"http:\/\/buscatextual.cnpq.br\/buscatextual\/visualizacv.do?id=K4787071D5\" target=\"_blank\" rel=\"noopener noreferrer\">Valderi Duarte Leite<\/a><\/li>\n<\/ul>\n<p>Graduado em Engenharia Qu\u00edmica (Universidade Federal da Paraiba-1980). Mestre em Engenharia Civil (Universidade Federal da Paraiba-1986), Doutor em Hidr\u00e1ulica e Saneamento pela EESC\/USP-1997) e P\u00f3s-Doutoramento (PROCAD\/CAPES\/2007 entre as institui\u00e7\u00f5es parceiras MCTA\/UEPB e DHS\/EESC\/USP -2012). Atualmente \u00e9 Professor Associado B do DESA\/CCT\/ UEPB.<strong>\u00a0<\/strong>Atua na \u00e1rea de \u00a0Processo de tratamento anaer\u00f3bio de res\u00edduos s\u00f3lidos org\u00e2nicos e de Tratamento f\u00edsico, Qu\u00edmico e Biol\u00f3gico de lixiviado de aterro sanit\u00e1rio.<\/p>\n<ul>\n<li><a href=\"http:\/\/lattes.cnpq.br\/5630172788119332\">Weruska Brasileiro Ferreira<\/a><\/li>\n<\/ul>\n<p>Graduada em Engenharia Qu\u00edmica (Universidade Federal da Para\u00edba-1995), Mestre em Engenharia Qu\u00edmica (Universidade Federal de Campina Grande-2008) e Doutora em Engenharia Qu\u00edmica (Universidade Federal de Campina Grande-2012). Atualmente \u00e9 professora efetiva da Universidade Estadual da Para\u00edba do Departamento de Engenharia Sanit\u00e1ria e Ambiental. Atuando nas seguintes \u00e1reas de conhecimento: qualidade de \u00e1guas naturais, tratamento de \u00e1guas para consumo humano e industrial, dessaliniza\u00e7\u00e3o de \u00e1guas, tratamento de efluentes, Biorremedia\u00e7\u00e3o, saneamento ambiental e Biotecnologia das microalgas especialmente na gera\u00e7\u00e3o de biocombust\u00edveis.<strong>\u00a0<\/strong><\/p>\n<ul>\n<li><a href=\"http:\/\/buscatextual.cnpq.br\/buscatextual\/visualizacv.do?id=K4706620D6\">William de Paiva<\/a><\/li>\n<\/ul>\n<p>T\u00e9cnico em Eletr\u00f4nica (Escola T\u00e9cnica Redentorista-1987), Graduado em Licenciatura Plena em Matem\u00e1tica (Universidade Estadual da Para\u00edba-1993), Graduado em Engenharia Civil (Universidade Federal da Para\u00edba-1996), Mestre em Engenharia Civil (Universidade Federal da Para\u00edba-2000), Doutor em Geotecnia (Universidade Federal de Pernambuco-2009) e \u00a0Especialista em Projetos, Execu\u00e7\u00e3o e Controle de Estruturas e Funda\u00e7\u00f5es (Instituto de P\u00f3s Gradua\u00e7\u00e3o e Gradua\u00e7\u00e3o-2016), Atualmente \u00e9 professor da Universidade Estadual da Para\u00edba. Atua na \u00e1rea de Engenharia Civil, atuando principalmente nos seguintes temas: funda\u00e7\u00f5es, solos expansivos, instrumenta\u00e7\u00e3o de campo, geoestat\u00edstica e estat\u00edstica aplicada a Engenharia Civil, Res\u00edduos S\u00f3lidos Urbanos(RSU) e Res\u00edduos da Constru\u00e7\u00e3o Civil (RCC).<\/p>\n<ul>\n<li><a href=\"http:\/\/buscatextual.cnpq.br\/buscatextual\/visualizacv.do?id=K4766328U2\" target=\"_blank\" rel=\"noopener noreferrer\">Wilton Silva Lopes<\/a><\/li>\n<\/ul>\n<p>Graduado em Qu\u00edmica Industrial (Universidade Estadual da Para\u00edba-1998), Mestre em Desenvolvimento e Meio Ambiente (Universidade Federal da Para\u00edba-2000) e Doutor em Qu\u00edmica (Universidade Federal da Para\u00edba-2005). P\u00f3s-Doutorado na Escola de Engenharia de S\u00e3o Carlos da Universidade de S\u00e3o Paulo (2009) e na Delft University of Technology (2015). Atualmente \u00e9 Professor Associado B (Dedica\u00e7\u00e3o Exclusiva) do Departamento de Engenharia Sanit\u00e1ria e Ambiental da Universidade Estadual da Para\u00edba. Atua na \u00e1rea Tratamento qu\u00edmico de efluentes, Tratamento biol\u00f3gico de res\u00edduos e identifica\u00e7\u00e3o de micro poluentes org\u00e2nicos presentes no ambiente e em efluentes de sistemas de tratamento.[\/vc_column_text][\/vc_tta_section][vc_tta_section title=&#8221;Docentes Colaboradores&#8221; tab_id=&#8221;1716484810956-eada1d11-eb2e&#8221;][vc_column_text css=&#8221;&#8221;]<\/p>\n<ul>\n<li><a href=\"http:\/\/www.citg.tudelft.nl\/en\/about-faculty\/departments\/watermanagement\/sections\/sanitary-engineering\/staff\/jules-van-lier\/\" target=\"_blank\" rel=\"noopener noreferrer\">Jules B van Lier<\/a>\u00a0(Delft University of Technology \u2013 Holanda)<\/li>\n<\/ul>\n<p>&nbsp;<\/p>\n<ul>\n<li><a href=\"http:\/\/www.unisa.it\/docenti\/luigirizzo\/en\/index\" target=\"_blank\" rel=\"noopener noreferrer\">Luigi Rizzo<\/a>\u00a0(Universit\u00e0 Degli Studi di Salerno \u2013 It\u00e1lia)<\/li>\n<\/ul>\n<p>[\/vc_column_text][\/vc_tta_section][vc_tta_section title=&#8221;Docentes Visitantes&#8221; tab_id=&#8221;1716484827006-8cfbf7c2-d685&#8243;][\/vc_tta_section][\/vc_tta_tabs][\/vc_column][\/vc_row]<\/p>\n<\/div>","protected":false},"excerpt":{"rendered":"<p>[vc_row][vc_column][vc_tta_tabs][vc_tta_section title=&#8221;Docentes Permanentes&#8221; tab_id=&#8221;1716484810937-beb0af53-7ad3&#8243;][vc_column_text css=&#8221;&#8221;] Ana Roberta da Silva Paulino Graduada em F\u00edsica (Universidade Estadual da Para\u00edba-2007), Mestra em\u00a0 Geof\u00edsica Espacial (Instituto Nacional de Pesquisas Espaciais-INPE-2010) ) e Doutora em Geof\u00edsica Espacial (Instituto Nacional de Pesquisas Espaciais-INPE-3013). Atualmente \u00e9 professora do departamento de F\u00edsica da Universidade Estadual da Para\u00edba. Atua na \u00e1rea de Geoci\u00eancias, com <a class=\"leiamais\" href=\"https:\/\/pos-graduacao.uepb.edu.br\/ppgcta\/corpo-docente\/\">Leia Mais&#8230;<\/a><\/p>\n","protected":false},"author":5,"featured_media":0,"parent":0,"menu_order":0,"comment_status":"open","ping_status":"open","template":"","meta":{"footnotes":""},"class_list":["post-12","page","type-page","status-publish","hentry"],"_links":{"self":[{"href":"https:\/\/pos-graduacao.uepb.edu.br\/ppgcta\/wp-json\/wp\/v2\/pages\/12","targetHints":{"allow":["GET"]}}],"collection":[{"href":"https:\/\/pos-graduacao.uepb.edu.br\/ppgcta\/wp-json\/wp\/v2\/pages"}],"about":[{"href":"https:\/\/pos-graduacao.uepb.edu.br\/ppgcta\/wp-json\/wp\/v2\/types\/page"}],"author":[{"embeddable":true,"href":"https:\/\/pos-graduacao.uepb.edu.br\/ppgcta\/wp-json\/wp\/v2\/users\/5"}],"replies":[{"embeddable":true,"href":"https:\/\/pos-graduacao.uepb.edu.br\/ppgcta\/wp-json\/wp\/v2\/comments?post=12"}],"version-history":[{"count":60,"href":"https:\/\/pos-graduacao.uepb.edu.br\/ppgcta\/wp-json\/wp\/v2\/pages\/12\/revisions"}],"predecessor-version":[{"id":3280,"href":"https:\/\/pos-graduacao.uepb.edu.br\/ppgcta\/wp-json\/wp\/v2\/pages\/12\/revisions\/3280"}],"wp:attachment":[{"href":"https:\/\/pos-graduacao.uepb.edu.br\/ppgcta\/wp-json\/wp\/v2\/media?parent=12"}],"curies":[{"name":"wp","href":"https:\/\/api.w.org\/{rel}","templated":true}]}}