{"id":475,"date":"2021-05-18T14:11:06","date_gmt":"2021-05-18T14:11:06","guid":{"rendered":"https:\/\/pos-graduacao.uepb.edu.br\/ppgcf\/?page_id=475"},"modified":"2024-06-25T11:07:10","modified_gmt":"2024-06-25T14:07:10","slug":"dissertacoes","status":"publish","type":"page","link":"https:\/\/pos-graduacao.uepb.edu.br\/ppgcf\/dissertacoes\/","title":{"rendered":"Disserta\u00e7\u00f5es"},"content":{"rendered":"<div class=\"wpb-content-wrapper\"><p>[vc_row][vc_column][vc_column_text]<\/p>\n<h2>Biblioteca Digital de Teses e Disserta\u00e7\u00f5es da Universidade Estadual da Para\u00edba<\/h2>\n<p>[\/vc_column_text][vc_btn title=&#8221;Sistema de Publica\u00e7\u00e3o Eletr\u00f4nica de Teses de Disserta\u00e7\u00f5es &#8211; PPGCF&#8221; shape=&#8221;square&#8221; color=&#8221;success&#8221; size=&#8221;lg&#8221; link=&#8221;url:http%3A%2F%2Ftede.bc.uepb.edu.br%2Fjspui%2Fsimple-search%3Flocation%3D%252F%26query%3DPPGCF%26rpp%3D100%26sort_by%3Ddc.date.issued_dt%26order%3Ddesc|target:_blank&#8221; css=&#8221;.vc_custom_1719324374354{margin-top: 20px !important;}&#8221;][\/vc_column][\/vc_row]<\/p>\n<\/div>","protected":false},"excerpt":{"rendered":"<p>[vc_row][vc_column][vc_column_text] Biblioteca Digital de Teses e Disserta\u00e7\u00f5es da Universidade Estadual da Para\u00edba [\/vc_column_text][vc_btn title=&#8221;Sistema de Publica\u00e7\u00e3o Eletr\u00f4nica de Teses de Disserta\u00e7\u00f5es &#8211; PPGCF&#8221; shape=&#8221;square&#8221; color=&#8221;success&#8221; size=&#8221;lg&#8221; link=&#8221;url:http%3A%2F%2Ftede.bc.uepb.edu.br%2Fjspui%2Fsimple-search%3Flocation%3D%252F%26query%3DPPGCF%26rpp%3D100%26sort_by%3Ddc.date.issued_dt%26order%3Ddesc|target:_blank&#8221; css=&#8221;.vc_custom_1719324374354{margin-top: 20px !important;}&#8221;][\/vc_column][\/vc_row]<\/p>\n","protected":false},"author":51,"featured_media":0,"parent":0,"menu_order":0,"comment_status":"closed","ping_status":"closed","template":"","meta":{"footnotes":""},"class_list":["post-475","page","type-page","status-publish","hentry"],"_links":{"self":[{"href":"https:\/\/pos-graduacao.uepb.edu.br\/ppgcf\/wp-json\/wp\/v2\/pages\/475","targetHints":{"allow":["GET"]}}],"collection":[{"href":"https:\/\/pos-graduacao.uepb.edu.br\/ppgcf\/wp-json\/wp\/v2\/pages"}],"about":[{"href":"https:\/\/pos-graduacao.uepb.edu.br\/ppgcf\/wp-json\/wp\/v2\/types\/page"}],"author":[{"embeddable":true,"href":"https:\/\/pos-graduacao.uepb.edu.br\/ppgcf\/wp-json\/wp\/v2\/users\/51"}],"replies":[{"embeddable":true,"href":"https:\/\/pos-graduacao.uepb.edu.br\/ppgcf\/wp-json\/wp\/v2\/comments?post=475"}],"version-history":[{"count":11,"href":"https:\/\/pos-graduacao.uepb.edu.br\/ppgcf\/wp-json\/wp\/v2\/pages\/475\/revisions"}],"predecessor-version":[{"id":1007,"href":"https:\/\/pos-graduacao.uepb.edu.br\/ppgcf\/wp-json\/wp\/v2\/pages\/475\/revisions\/1007"}],"wp:attachment":[{"href":"https:\/\/pos-graduacao.uepb.edu.br\/ppgcf\/wp-json\/wp\/v2\/media?parent=475"}],"curies":[{"name":"wp","href":"https:\/\/api.w.org\/{rel}","templated":true}]}}