{"id":455,"date":"2021-05-18T13:45:29","date_gmt":"2021-05-18T13:45:29","guid":{"rendered":"https:\/\/pos-graduacao.uepb.edu.br\/ppgcf\/?page_id=455"},"modified":"2026-03-27T10:36:10","modified_gmt":"2026-03-27T13:36:10","slug":"comissoes","status":"publish","type":"page","link":"https:\/\/pos-graduacao.uepb.edu.br\/ppgcf\/comissoes\/","title":{"rendered":"Comiss\u00f5es"},"content":{"rendered":"<div class=\"wpb-content-wrapper\"><p>[vc_row][vc_column][vc_tta_tabs][vc_tta_section title=&#8221;Conselho do Programa &#8211; Colegiado&#8221; tab_id=&#8221;1742221314126-a223c423-f9dd&#8221;][vc_column_text css=&#8221;&#8221;]O Conselho do Programa de P\u00f3s-Gradua\u00e7\u00e3o em Ci\u00eancias Farmac\u00eauticas (PPGCF) da UEPB \u00e9 respons\u00e1vel por tomar decis\u00f5es estrat\u00e9gicas e acad\u00eamicas para o desenvolvimento do programa.<\/p>\n<p><strong>Mandato:\u00a0<\/strong>17\/09\/2025 a 16\/09\/2025<\/p>\n<p><strong>Representantes Docentes:<\/strong><\/p>\n<p><strong>Titulares:<br \/>\n<\/strong><br \/>\n&#8211; Ricardo Ol\u00edmpio de Moura (Coordenador)<br \/>\n&#8211; Jo\u00e3o Augusto Oshiro Junior ( Coordenador Adjunto)<br \/>\n&#8211; Bol\u00edvar Ponciano Gourlart de Lima Damasceno<br \/>\n&#8211; Vanda L\u00facia dos Santos<\/p>\n<p>Representantes Discentes:<\/p>\n<p>&#8211; Dara Rayanne da Silva Guedes<\/p>\n<p>&#8211; Arthur Gabriel Correa de Farias<\/p>\n<p><strong>Suplente:<\/strong><br \/>\n&#8211; Rodrigo Molina Martines<br \/>\n&#8211; Dayanne Tomaz Casimiro da Silva[\/vc_column_text][\/vc_tta_section][vc_tta_section title=&#8221;Comiss\u00e3o de Bolsas&#8221; tab_id=&#8221;1742221790867-2bf83529-d8da&#8221;][vc_column_text css=&#8221;&#8221;]A <strong data-start=\"2\" data-end=\"24\">Comiss\u00e3o de Bolsas<\/strong> do Programa de P\u00f3s-Gradua\u00e7\u00e3o em Ci\u00eancias Farmac\u00eauticas (PPGCF) da UEPB \u00e9 respons\u00e1vel por gerir e definir crit\u00e9rios para a concess\u00e3o de bolsas, garantindo a distribui\u00e7\u00e3o equitativa e alinhada \u00e0s diretrizes do programa.<\/p>\n<p><strong>Mandato:<\/strong> 17\/09\/2025 a 16\/09\/2025<\/p>\n<p><strong>Titulares:<br \/>\n<\/strong><br \/>\n&#8211; Jo\u00e3o Augusto Oshiro J\u00fanior (Coordenador Adjunto)<br \/>\n&#8211; Fl\u00e1via Carolina Alonso Buriti<br \/>\n&#8211; Bol\u00edvar Ponciano Gourlart de Lima Damasceno<br \/>\n&#8211; Arthur Gabriel (Representante Discente)[\/vc_column_text][\/vc_tta_section][vc_tta_section title=&#8221;Comiss\u00e3o de Autoavalia\u00e7\u00e3o&#8221; tab_id=&#8221;1742221314126-95a181a8-f4ce&#8221;][vc_column_text css=&#8221;&#8221;]<div class='w3eden'>\n    <div class=''>\n\n        \n        <div id=\"content_wpdm_package_1\">\n            <div class='row'><div class='col-lg-12 col-md-6 col-12'><!-- WPDM Link Template: Default Template -->\n\n<div class=\"link-template-default card mb-2\">\n    <div class=\"card-body\">\n        <div class=\"media\">\n            <div class=\"mr-3 img-48\"><img decoding=\"async\" class=\"wpdm_icon\" alt=\"\u00edcone\" src=\"https:\/\/pos-graduacao.uepb.edu.br\/ppgcf\/wp-content\/plugins\/download-manager\/assets\/file-type-icons\/pdf.svg\" \/><\/div>\n            <div class=\"media-body\">\n                <h3 class=\"package-title\"><a href='https:\/\/pos-graduacao.uepb.edu.br\/ppgcf\/download\/gt-autoavaliacao-capes\/'>GT - Autoavalia\u00e7\u00e3o CAPES<\/a><\/h3>\n                <div class=\"text-muted text-small\"><i class=\"fas fa-copy\"><\/i> 1  arquivo(s) <i class=\"fas fa-hdd ml-3\"><\/i> 1.67 MB<\/div>\n            <\/div>\n            <div class=\"ml-3\">\n                <a class='wpdm-download-link download-on-click btn btn-primary ' rel='nofollow' href='#' data-downloadurl=\"https:\/\/pos-graduacao.uepb.edu.br\/ppgcf\/download\/gt-autoavaliacao-capes\/?wpdmdl=1100&refresh=69d0a4b957b8a1775281337\">Download<\/a>\n            <\/div>\n        <\/div>\n    <\/div>\n<\/div>\n\n<\/div><\/div>            <div style='clear:both'><\/div><div class='text-center'><ul class='pagination wpdm-pagination pagination-centered text-center'><\/ul><\/div><div style='clear:both'><\/div>        <\/div>\n\n        <div style='clear:both'><\/div>\n    <\/div>\n<\/div>\n[\/vc_column_text][\/vc_tta_section][\/vc_tta_tabs][\/vc_column][\/vc_row]<\/p>\n<\/div>","protected":false},"excerpt":{"rendered":"<p>[vc_row][vc_column][vc_tta_tabs][vc_tta_section title=&#8221;Conselho do Programa &#8211; Colegiado&#8221; tab_id=&#8221;1742221314126-a223c423-f9dd&#8221;][vc_column_text css=&#8221;&#8221;]O Conselho do Programa de P\u00f3s-Gradua\u00e7\u00e3o em Ci\u00eancias Farmac\u00eauticas (PPGCF) da UEPB \u00e9 respons\u00e1vel por tomar decis\u00f5es estrat\u00e9gicas e acad\u00eamicas para o desenvolvimento do programa. Mandato:\u00a017\/09\/2025 a 16\/09\/2025 Representantes Docentes: Titulares: &#8211; Ricardo Ol\u00edmpio de Moura (Coordenador) &#8211; Jo\u00e3o Augusto Oshiro Junior ( Coordenador Adjunto) &#8211; Bol\u00edvar Ponciano <a class=\"leiamais\" href=\"https:\/\/pos-graduacao.uepb.edu.br\/ppgcf\/comissoes\/\">Leia Mais&#8230;<\/a><\/p>\n","protected":false},"author":51,"featured_media":0,"parent":0,"menu_order":0,"comment_status":"closed","ping_status":"closed","template":"","meta":{"footnotes":""},"class_list":["post-455","page","type-page","status-publish","hentry"],"_links":{"self":[{"href":"https:\/\/pos-graduacao.uepb.edu.br\/ppgcf\/wp-json\/wp\/v2\/pages\/455","targetHints":{"allow":["GET"]}}],"collection":[{"href":"https:\/\/pos-graduacao.uepb.edu.br\/ppgcf\/wp-json\/wp\/v2\/pages"}],"about":[{"href":"https:\/\/pos-graduacao.uepb.edu.br\/ppgcf\/wp-json\/wp\/v2\/types\/page"}],"author":[{"embeddable":true,"href":"https:\/\/pos-graduacao.uepb.edu.br\/ppgcf\/wp-json\/wp\/v2\/users\/51"}],"replies":[{"embeddable":true,"href":"https:\/\/pos-graduacao.uepb.edu.br\/ppgcf\/wp-json\/wp\/v2\/comments?post=455"}],"version-history":[{"count":18,"href":"https:\/\/pos-graduacao.uepb.edu.br\/ppgcf\/wp-json\/wp\/v2\/pages\/455\/revisions"}],"predecessor-version":[{"id":1475,"href":"https:\/\/pos-graduacao.uepb.edu.br\/ppgcf\/wp-json\/wp\/v2\/pages\/455\/revisions\/1475"}],"wp:attachment":[{"href":"https:\/\/pos-graduacao.uepb.edu.br\/ppgcf\/wp-json\/wp\/v2\/media?parent=455"}],"curies":[{"name":"wp","href":"https:\/\/api.w.org\/{rel}","templated":true}]}}