{"id":771,"date":"2016-12-14T13:27:42","date_gmt":"2016-12-14T13:27:42","guid":{"rendered":"https:\/\/pos-graduacao.uepb.edu.br\/ppgca\/?page_id=771"},"modified":"2020-08-11T10:31:57","modified_gmt":"2020-08-11T10:31:57","slug":"historico-e-contextualizacao-do-programa","status":"publish","type":"page","link":"https:\/\/pos-graduacao.uepb.edu.br\/ppgca\/historico-e-contextualizacao-do-programa\/","title":{"rendered":"Hist\u00f3rico e contextualiza\u00e7\u00e3o do programa"},"content":{"rendered":"<p>O Programa de P\u00f3s-gradua\u00e7\u00e3o em Ci\u00eancias Agr\u00e1rias (PPGCA), implantado em 2010, \u00e9 um programa realizado em associa\u00e7\u00e3o do tipo ampla com a Embrapa Algod\u00e3o localizada no munic\u00edpio de Campina Grande (PB) recomendado e homologado pelo CNE (Port. MEC 1045, de 18\/08\/2010, DOU 19\/08\/2010, sec 1 pg. 10.). A UEPB, por sua tradi\u00e7\u00e3o no campo do ensino, \u00e9 a Institui\u00e7\u00e3o promotora e, como tal, respons\u00e1vel pela gest\u00e3o acad\u00eamica do programa. A Embrapa Algod\u00e3o, como correspons\u00e1vel, al\u00e9m da cess\u00e3o de pesquisadores para a tarefa de ensino e orienta\u00e7\u00e3o, assegura assist\u00eancia aos discentes em suas instala\u00e7\u00f5es e ambi\u00eancia para a pesquisa laboratorial e de campo.<\/p>\n<p>A vida acad\u00eamica do aluno (inscri\u00e7\u00e3o para sele\u00e7\u00e3o, sele\u00e7\u00e3o, matr\u00edculas, hist\u00f3rico, etc.) \u00e9 centralizada na UEPB, com sede no Campus I, localizado no munic\u00edpio de Campina Grande (PB). As disciplinas obrigat\u00f3rias e optativas s\u00e3o ofertadas na UEPB &#8211; Campus I e na Embrapa Algod\u00e3o, de modo a n\u00e3o comprometer o planejamento do aluno e a operacionalidade do pr\u00f3prio curso.<\/p>\n<p>O PPGCA tem com estrutura uma \u00e1rea de Concentra\u00e7\u00e3o (Agrobioenergia e Agricultura Familiar) e tr\u00eas linhas de Pesquisa que d\u00e3o enfoque aos diversos aspectos da agricultura, notadamente no semi\u00e1rido brasileiro, as quais discutem as problem\u00e1ticas desse ecossistema: a) Energias Renov\u00e1veis e Biocombust\u00edveis; b) Agricultura Familiar e Sustentabilidade; c) Biotecnologia e Melhoramento Vegetal.\u00a0 \u00c9 realizado em regime semestral, com dura\u00e7\u00e3o prevista de dois anos. Nesse per\u00edodo, o aluno deve cumprir um total de 24 cr\u00e9ditos, sendo 12 de disciplinas obrigat\u00f3rias (Fisiologia Vegetal, Metodologia Cient\u00edfica e Estat\u00edstica Aplicada \u00e0s Ci\u00eancias Agr\u00e1rias) e 12 de disciplinas optativas. As disciplinas optativas oferecem aos discentes forma\u00e7\u00f5es distintas nas respectivas linhas de pesquisas.<\/p>\n","protected":false},"excerpt":{"rendered":"<p>O Programa de P\u00f3s-gradua\u00e7\u00e3o em Ci\u00eancias Agr\u00e1rias (PPGCA), implantado em 2010, \u00e9 um programa realizado em associa\u00e7\u00e3o do tipo ampla com a Embrapa Algod\u00e3o localizada no munic\u00edpio de Campina Grande (PB) recomendado e homologado pelo CNE (Port. MEC 1045, de 18\/08\/2010, DOU 19\/08\/2010, sec 1 pg. 10.). A UEPB, por sua tradi\u00e7\u00e3o no campo do <a class=\"leiamais\" href=\"https:\/\/pos-graduacao.uepb.edu.br\/ppgca\/historico-e-contextualizacao-do-programa\/\">Leia Mais&#8230;<\/a><\/p>\n","protected":false},"author":19,"featured_media":0,"parent":0,"menu_order":0,"comment_status":"closed","ping_status":"closed","template":"","meta":{"footnotes":""},"class_list":["post-771","page","type-page","status-publish","hentry"],"_links":{"self":[{"href":"https:\/\/pos-graduacao.uepb.edu.br\/ppgca\/wp-json\/wp\/v2\/pages\/771","targetHints":{"allow":["GET"]}}],"collection":[{"href":"https:\/\/pos-graduacao.uepb.edu.br\/ppgca\/wp-json\/wp\/v2\/pages"}],"about":[{"href":"https:\/\/pos-graduacao.uepb.edu.br\/ppgca\/wp-json\/wp\/v2\/types\/page"}],"author":[{"embeddable":true,"href":"https:\/\/pos-graduacao.uepb.edu.br\/ppgca\/wp-json\/wp\/v2\/users\/19"}],"replies":[{"embeddable":true,"href":"https:\/\/pos-graduacao.uepb.edu.br\/ppgca\/wp-json\/wp\/v2\/comments?post=771"}],"version-history":[{"count":4,"href":"https:\/\/pos-graduacao.uepb.edu.br\/ppgca\/wp-json\/wp\/v2\/pages\/771\/revisions"}],"predecessor-version":[{"id":1179,"href":"https:\/\/pos-graduacao.uepb.edu.br\/ppgca\/wp-json\/wp\/v2\/pages\/771\/revisions\/1179"}],"wp:attachment":[{"href":"https:\/\/pos-graduacao.uepb.edu.br\/ppgca\/wp-json\/wp\/v2\/media?parent=771"}],"curies":[{"name":"wp","href":"https:\/\/api.w.org\/{rel}","templated":true}]}}