{"id":42,"date":"2013-08-19T18:39:47","date_gmt":"2013-08-19T18:39:47","guid":{"rendered":"\/ppgca\/?page_id=42"},"modified":"2024-06-14T19:41:12","modified_gmt":"2024-06-14T19:41:12","slug":"coordenacao","status":"publish","type":"page","link":"https:\/\/pos-graduacao.uepb.edu.br\/ppgca\/coordenacao\/","title":{"rendered":"Coordena\u00e7\u00e3o"},"content":{"rendered":"<div class=\"wpb-content-wrapper\"><p>[vc_row][vc_column width=&#8221;1\/4&#8243;][vc_column_text]<strong>Coordenador<\/strong><\/p>\n<ul>\n<li>Prof. Dr. Alberto Soares de Melo<br \/>\nE-mail: alberto.melo@servidor.uepb.edu.br<\/li>\n<\/ul>\n<p><strong>Coordenador Adjunto<\/strong><\/p>\n<ul>\n<li>Prof. Dr. Francisco Vanies da Silva<br \/>\nE-mail: vanies@servidor.uepb.edu.br<\/li>\n<\/ul>\n<p><strong>Secret\u00e1rio<\/strong><\/p>\n<ul>\n<li>Danilo Cavalcante de Sousa Forte<br \/>\nppgca@setor.uepb.edu.br<\/li>\n<\/ul>\n<p>[\/vc_column_text][\/vc_column][vc_column width=&#8221;2\/4&#8243;][vc_column_text]<strong>Endere\u00e7o para correspond\u00eancia<\/strong><\/p>\n<ul>\n<li>Programa de P\u00f3s-Gradua\u00e7\u00e3o em Ci\u00eancias Agr\u00e1rias<br \/>\nSala: 310, Central de Integra\u00e7\u00e3o Acad\u00eamica de aulas da UEPB<br \/>\nRua Domitila Cabral de Castro S\/N \u2013 CEP: 58.429-570 \u2013 Bairro Universit\u00e1rio (Bodocong\u00f3) \u2013 Campina Grande \u2013 PB<\/li>\n<li>Telefone: (83) 3344-5301<\/li>\n<li><em>E-mail<\/em>: ppgca@setor.uepb.edu.br<\/li>\n<\/ul>\n<p><strong>Hor\u00e1rio de atendimento: <\/strong>8h \u00e0s 13h (<em>presencial<\/em>) e 14h \u00e0s 17h (<em>remoto<\/em>)<strong>.<\/strong><\/p>\n<p>[\/vc_column_text][\/vc_column][vc_column width=&#8221;1\/4&#8243;][vc_column_text]<strong>Confira nossa infraestrutura<\/strong>[\/vc_column_text][vc_gallery interval=&#8221;3&#8243; images=&#8221;2254,2253,2252&#8243; css=&#8221;.vc_custom_1718394071381{margin-top: 20px !important;}&#8221;][\/vc_column][\/vc_row]<\/p>\n<\/div>","protected":false},"excerpt":{"rendered":"<p>[vc_row][vc_column width=&#8221;1\/4&#8243;][vc_column_text]Coordenador Prof. Dr. Alberto Soares de Melo E-mail: alberto.melo@servidor.uepb.edu.br Coordenador Adjunto Prof. Dr. Francisco Vanies da Silva E-mail: vanies@servidor.uepb.edu.br Secret\u00e1rio Danilo Cavalcante de Sousa Forte ppgca@setor.uepb.edu.br [\/vc_column_text][\/vc_column][vc_column width=&#8221;2\/4&#8243;][vc_column_text]Endere\u00e7o para correspond\u00eancia Programa de P\u00f3s-Gradua\u00e7\u00e3o em Ci\u00eancias Agr\u00e1rias Sala: 310, Central de Integra\u00e7\u00e3o Acad\u00eamica de aulas da UEPB Rua Domitila Cabral de Castro S\/N \u2013 CEP: <a class=\"leiamais\" href=\"https:\/\/pos-graduacao.uepb.edu.br\/ppgca\/coordenacao\/\">Leia Mais&#8230;<\/a><\/p>\n","protected":false},"author":5,"featured_media":0,"parent":0,"menu_order":0,"comment_status":"open","ping_status":"open","template":"","meta":{"footnotes":""},"class_list":["post-42","page","type-page","status-publish","hentry"],"_links":{"self":[{"href":"https:\/\/pos-graduacao.uepb.edu.br\/ppgca\/wp-json\/wp\/v2\/pages\/42","targetHints":{"allow":["GET"]}}],"collection":[{"href":"https:\/\/pos-graduacao.uepb.edu.br\/ppgca\/wp-json\/wp\/v2\/pages"}],"about":[{"href":"https:\/\/pos-graduacao.uepb.edu.br\/ppgca\/wp-json\/wp\/v2\/types\/page"}],"author":[{"embeddable":true,"href":"https:\/\/pos-graduacao.uepb.edu.br\/ppgca\/wp-json\/wp\/v2\/users\/5"}],"replies":[{"embeddable":true,"href":"https:\/\/pos-graduacao.uepb.edu.br\/ppgca\/wp-json\/wp\/v2\/comments?post=42"}],"version-history":[{"count":19,"href":"https:\/\/pos-graduacao.uepb.edu.br\/ppgca\/wp-json\/wp\/v2\/pages\/42\/revisions"}],"predecessor-version":[{"id":2257,"href":"https:\/\/pos-graduacao.uepb.edu.br\/ppgca\/wp-json\/wp\/v2\/pages\/42\/revisions\/2257"}],"wp:attachment":[{"href":"https:\/\/pos-graduacao.uepb.edu.br\/ppgca\/wp-json\/wp\/v2\/media?parent=42"}],"curies":[{"name":"wp","href":"https:\/\/api.w.org\/{rel}","templated":true}]}}

Coordenação

<div class="wpb-content-wrapper"><p>[vc_row][vc_column width=&#8221;1/4&#8243;][vc_column_text]<strong>Coordenador</strong></p>
<ul>
<li>Prof. Dr. Alberto Soares de Melo<br />
E-mail: alberto.melo@servidor.uepb.edu.br</li>
</ul>
<p><strong>Coordenador Adjunto</strong></p>
<ul>
<li>Prof. Dr. Francisco Vanies da Silva<br />
E-mail: vanies@servidor.uepb.edu.br</li>
</ul>
<p><strong>Secretário</strong></p>
<ul>
<li>Danilo Cavalcante de Sousa Forte<br />
ppgca@setor.uepb.edu.br</li>
</ul>
<p>[/vc_column_text][/vc_column][vc_column width=&#8221;2/4&#8243;][vc_column_text]<strong>Endereço para correspondência</strong></p>
<ul>
<li>Programa de Pós-Graduação em Ciências Agrárias<br />
Sala: 310, Central de Integração Acadêmica de aulas da UEPB<br />
Rua Domitila Cabral de Castro S/N – CEP: 58.429-570 – Bairro Universitário (Bodocongó) – Campina Grande – PB</li>
<li>Telefone: (83) 3344-5301</li>
<li><em>E-mail</em>: ppgca@setor.uepb.edu.br</li>
</ul>
<p><strong>Horário de atendimento: </strong>8h às 13h (<em>presencial</em>) e 14h às 17h (<em>remoto</em>)<strong>.</strong></p>
<p>[/vc_column_text][/vc_column][vc_column width=&#8221;1/4&#8243;][vc_column_text]<strong>Confira nossa infraestrutura</strong>[/vc_column_text][vc_gallery interval=&#8221;3&#8243; images=&#8221;2254,2253,2252&#8243; css=&#8221;.vc_custom_1718394071381{margin-top: 20px !important;}&#8221;][/vc_column][/vc_row]</p>
</div>

<p>[vc_row][vc_column width=&#8221;1/4&#8243;][vc_column_text]Coordenador Prof. Dr. Alberto Soares de Melo E-mail: alberto.melo@servidor.uepb.edu.br Coordenador Adjunto Prof. Dr. Francisco Vanies da Silva E-mail: vanies@servidor.uepb.edu.br Secretário Danilo Cavalcante de Sousa Forte ppgca@setor.uepb.edu.br [/vc_column_text][/vc_column][vc_column width=&#8221;2/4&#8243;][vc_column_text]Endereço para correspondência Programa de Pós-Graduação em Ciências Agrárias Sala: 310, Central de Integração Acadêmica de aulas da UEPB Rua Domitila Cabral de Castro S/N – CEP: <a class="leiamais" href="https://pos-graduacao.uepb.edu.br/ppgca/coordenacao/">Leia Mais&#8230;</a></p>
