{"id":26,"date":"2013-08-19T18:29:08","date_gmt":"2013-08-19T18:29:08","guid":{"rendered":"\/ppgca\/?page_id=26"},"modified":"2025-08-27T13:36:21","modified_gmt":"2025-08-27T13:36:21","slug":"estrutura","status":"publish","type":"page","link":"https:\/\/pos-graduacao.uepb.edu.br\/ppgca\/estrutura\/","title":{"rendered":"Linhas de pesquisa"},"content":{"rendered":"<div class=\"wpb-content-wrapper\"><p>[vc_row][vc_column][vc_column_text css=&#8221;&#8221;]O Programa de P\u00f3s-gradua\u00e7\u00e3o em Ci\u00eancias Agr\u00e1rias com a aprova\u00e7\u00e3o do doutorado em 2024 (in\u00edcio 2025) realizou adequa\u00e7\u00f5es das suas linhas de pesquisa estando estruturada da seguinte forma:<\/p>\n<p>\u00c1rea de Concentra\u00e7\u00e3o:<\/p>\n<p><strong>Agrobioenergia e Agricultura Familiar: <\/strong>tem como foco a gera\u00e7\u00e3o de conhecimentos, produzir e transferir alternativas tecnol\u00f3gicas de baixo impacto ambiental, incrementando a pesquisa com culturas regionais e bioenerg\u00e9ticas adaptadas \u00e0 regi\u00e3o do semi\u00e1rido brasileiro em sistemas de produ\u00e7\u00e3o de baixo custo. No contexto, busca-se incentivar o uso de bioinsumos no processo de produ\u00e7\u00e3o agr\u00edcola, de modo atender demandas regionais de produtores rurais, bem como intensificar o desenvolvimento de tecnologias voltadas para agricultura familiar no semi\u00e1rido brasileiro, possibilitando a gera\u00e7\u00e3o de novas cultivares, gerenciamento de tecnologias digitais e fortalecimento da renda no meio rural.<\/p>\n<p>Linhas de pesquisa:<\/p>\n<p><strong>Agricultura Familiar e Sustentabilidade<\/strong>: Aumentar a competitividade do processo produtivo regional a partir do entendimento dos meios de produ\u00e7\u00e3o e gest\u00e3o da propriedade agr\u00edcola. Aprofundar o conhecimento em sistemas de produ\u00e7\u00e3o de plantas alimentares e medicinais de base familiar;<\/p>\n<p><strong>Biotecnologia e Melhoramento Vegetal<\/strong><u>:<\/u> Visa a prospec\u00e7\u00e3o de biomol\u00e9culas para a defesa de plantas; express\u00e3o de genes funcionais em sistemas transcript\u00f4micos de altera\u00e7\u00f5es clim\u00e1ticas; sele\u00e7\u00e3o assistida por marcadores moleculares funcionais; ado\u00e7\u00e3o de m\u00e9todos multivariados para estimativa de diversidade em bancos de germoplasma e popula\u00e7\u00f5es de pr\u00e9-melhoramento;<\/p>\n<p><b>Bioinsumos na agricultura: <\/b>ampliar e difundir conhecimentos te\u00f3ricos, pr\u00e1ticos e cient\u00edficos para utiliza\u00e7\u00e3o de bioinsumos na produ\u00e7\u00e3o agr\u00edcola do semi\u00e1rido. Desenvolver tecnologias de aplica\u00e7\u00e3o e manejo de bioinsumos no processo de produ\u00e7\u00e3o agr\u00edcola;<\/p>\n<p><strong>Sistemas de Produ\u00e7\u00e3o Vegetal no Semi\u00e1rido<\/strong>: desenvolver, aprimorar e difundir conhecimentos t\u00e9cnico-cient\u00edficos da produ\u00e7\u00e3o de culturas regionais e bioenerg\u00e9ticas adaptadas \u00e0 regi\u00e3o do semi\u00e1rido brasileiro. Desenvolver e gerenciar tecnologias digitais para agricultura, visando o manejo \u00e1guasolo-planta em condi\u00e7\u00f5es de semiaridez.[\/vc_column_text][\/vc_column][\/vc_row]<\/p>\n<\/div>","protected":false},"excerpt":{"rendered":"<p>[vc_row][vc_column][vc_column_text css=&#8221;&#8221;]O Programa de P\u00f3s-gradua\u00e7\u00e3o em Ci\u00eancias Agr\u00e1rias com a aprova\u00e7\u00e3o do doutorado em 2024 (in\u00edcio 2025) realizou adequa\u00e7\u00f5es das suas linhas de pesquisa estando estruturada da seguinte forma: \u00c1rea de Concentra\u00e7\u00e3o: Agrobioenergia e Agricultura Familiar: tem como foco a gera\u00e7\u00e3o de conhecimentos, produzir e transferir alternativas tecnol\u00f3gicas de baixo impacto ambiental, incrementando a pesquisa <a class=\"leiamais\" href=\"https:\/\/pos-graduacao.uepb.edu.br\/ppgca\/estrutura\/\">Leia Mais&#8230;<\/a><\/p>\n","protected":false},"author":5,"featured_media":0,"parent":0,"menu_order":0,"comment_status":"open","ping_status":"open","template":"","meta":{"footnotes":""},"class_list":["post-26","page","type-page","status-publish","hentry"],"_links":{"self":[{"href":"https:\/\/pos-graduacao.uepb.edu.br\/ppgca\/wp-json\/wp\/v2\/pages\/26","targetHints":{"allow":["GET"]}}],"collection":[{"href":"https:\/\/pos-graduacao.uepb.edu.br\/ppgca\/wp-json\/wp\/v2\/pages"}],"about":[{"href":"https:\/\/pos-graduacao.uepb.edu.br\/ppgca\/wp-json\/wp\/v2\/types\/page"}],"author":[{"embeddable":true,"href":"https:\/\/pos-graduacao.uepb.edu.br\/ppgca\/wp-json\/wp\/v2\/users\/5"}],"replies":[{"embeddable":true,"href":"https:\/\/pos-graduacao.uepb.edu.br\/ppgca\/wp-json\/wp\/v2\/comments?post=26"}],"version-history":[{"count":12,"href":"https:\/\/pos-graduacao.uepb.edu.br\/ppgca\/wp-json\/wp\/v2\/pages\/26\/revisions"}],"predecessor-version":[{"id":2683,"href":"https:\/\/pos-graduacao.uepb.edu.br\/ppgca\/wp-json\/wp\/v2\/pages\/26\/revisions\/2683"}],"wp:attachment":[{"href":"https:\/\/pos-graduacao.uepb.edu.br\/ppgca\/wp-json\/wp\/v2\/media?parent=26"}],"curies":[{"name":"wp","href":"https:\/\/api.w.org\/{rel}","templated":true}]}}