{"id":2218,"date":"2024-06-13T13:33:18","date_gmt":"2024-06-13T13:33:18","guid":{"rendered":"https:\/\/pos-graduacao.uepb.edu.br\/ppgca\/?page_id=2218"},"modified":"2025-07-18T12:00:01","modified_gmt":"2025-07-18T12:00:01","slug":"pagina-inicial","status":"publish","type":"page","link":"https:\/\/pos-graduacao.uepb.edu.br\/ppgca\/","title":{"rendered":"P\u00e1gina Inicial"},"content":{"rendered":"<div class=\"wpb-content-wrapper\"><p>[vc_row full_width=&#8221;stretch_row_content_no_spaces&#8221; css=&#8221;.vc_custom_1718732187928{background-color: #ffffff !important;}&#8221;][vc_column][vc_gallery interval=&#8221;0&#8243; images=&#8221;2339&#8243; img_size=&#8221;full&#8221; onclick=&#8221;&#8221;][\/vc_column][\/vc_row][vc_row][vc_column width=&#8221;2\/3&#8243;][vc_text_separator title=&#8221;Not\u00edcias&#8221; i_icon_fontawesome=&#8221;fas fa-angle-double-right&#8221; i_color=&#8221;custom&#8221; title_align=&#8221;separator_align_left&#8221; add_icon=&#8221;true&#8221; i_custom_color=&#8221;#cc0000&#8243;]<div class=\"mdl-grid\"><div class=\"mdl-cell mdl-cell--6-col mdl-cell--6-col-tablet mdl-cell--12-col-phone bloco-noticias\"><div class=\"imagem-destaque-noticia\"><a href=\"https:\/\/pos-graduacao.uepb.edu.br\/ppgca\/coleta-capes-2026\/\"><img decoding=\"async\" src=\"https:\/\/pos-graduacao.uepb.edu.br\/ppgca\/files\/2026\/03\/atualizacao-do-lattes.png\" class=\"img-destaque-noticia img-responsive\" alt=\"Coleta CAPES 2026\" title=\"\"\/><\/a><\/div><div class=\"titulo-noticia-widget\"><a href=\"https:\/\/pos-graduacao.uepb.edu.br\/ppgca\/coleta-capes-2026\/\" class=\"vc_gitem-link\"><h3 class=\"titulo-destaque-noticia\">Coleta CAPES 2026<\/h3><\/a><\/div><\/div><div class=\"mdl-cell mdl-cell--6-col mdl-cell--6-col-tablet mdl-cell--12-col-phone bloco-noticias\"><div class=\"imagem-destaque-noticia\"><a href=\"https:\/\/pos-graduacao.uepb.edu.br\/ppgca\/artigo-o-silicio-e-a-metionina-aumentam-a-tolerancia-do-feijao-caupi-ao-estresse-hidrico\/\"><img decoding=\"async\" src=\"https:\/\/pos-graduacao.uepb.edu.br\/ppgca\/files\/2026\/03\/WhatsApp-Image-2026-03-13-at-11.02.54.jpeg\" class=\"img-destaque-noticia img-responsive\" alt=\"Artigo: O sil\u00edcio e a metionina aumentam a toler\u00e2ncia do feij\u00e3o-caupi ao estresse h\u00eddrico\" title=\"\"\/><\/a><\/div><div class=\"titulo-noticia-widget\"><a href=\"https:\/\/pos-graduacao.uepb.edu.br\/ppgca\/artigo-o-silicio-e-a-metionina-aumentam-a-tolerancia-do-feijao-caupi-ao-estresse-hidrico\/\" class=\"vc_gitem-link\"><h3 class=\"titulo-destaque-noticia\">Artigo: O sil\u00edcio e a metionina aumentam a toler\u00e2ncia do feij\u00e3o-caupi ao estresse h\u00eddrico<\/h3><\/a><\/div><\/div><\/div><div class=\"mdl-grid\"><div class=\"mdl-cell--6-col mdl-cell--6-col-tablet mdl-cell--12-col-phone bloco-noticias\"><div class=\"titulo-noticia-widget\"><a href=\"https:\/\/pos-graduacao.uepb.edu.br\/ppgca\/coleta-capes-2026\/\"><h3 class=\"titulo-destaque-noticia\">Coleta CAPES 2026<\/h3><\/a><\/div><div class=\"titulo-noticia-widget\"><a href=\"https:\/\/pos-graduacao.uepb.edu.br\/ppgca\/artigo-o-silicio-e-a-metionina-aumentam-a-tolerancia-do-feijao-caupi-ao-estresse-hidrico\/\"><h3 class=\"titulo-destaque-noticia\">Artigo: O sil\u00edcio e a metionina aumentam a toler\u00e2ncia do feij\u00e3o-caupi ao estresse h\u00eddrico<\/h3><\/a><\/div><div class=\"titulo-noticia-widget\"><a href=\"https:\/\/pos-graduacao.uepb.edu.br\/ppgca\/resultados-selecao-pos-doc\/\"><h3 class=\"titulo-destaque-noticia\">Resultados sele\u00e7\u00e3o p\u00f3s-doc<\/h3><\/a><\/div><div class=\"titulo-noticia-widget\"><a href=\"https:\/\/pos-graduacao.uepb.edu.br\/ppgca\/resultado-homologacao-das-inscricoes-selecao-bolsista-pos-doc-fapesq-pb\/\"><h3 class=\"titulo-destaque-noticia\">Resultado - Homologa\u00e7\u00e3o das Inscri\u00e7\u00f5es - Sele\u00e7\u00e3o Bolsista P\u00f3s Doc FAPESQ PB<\/h3><\/a><\/div><div class=\"titulo-noticia-widget\"><a href=\"https:\/\/pos-graduacao.uepb.edu.br\/ppgca\/selecao-bolsista-pos-doutorado-2026-1\/\"><h3 class=\"titulo-destaque-noticia\">Sele\u00e7\u00e3o bolsista P\u00f3s-doutorado 2026.1<\/h3><\/a><\/div><\/div><div class=\"mdl-cell--6-col mdl-cell--6-col-tablet mdl-cell--12-col-phone bloco-noticias\"><div class=\"titulo-noticia-widget\"><a href=\"https:\/\/pos-graduacao.uepb.edu.br\/ppgca\/censo-da-pos-graduacao-capes\/\"><h3 class=\"titulo-destaque-noticia\">Censo da P\u00f3s-Gradua\u00e7\u00e3o CAPES<\/h3><\/a><\/div><div class=\"titulo-noticia-widget\"><a href=\"https:\/\/pos-graduacao.uepb.edu.br\/ppgca\/ppgca-abre-processo-seletivo-para-alunos-regulares-do-mestrado-2026-1\/\"><h3 class=\"titulo-destaque-noticia\">PPGCA abre processo seletivo para alunos regulares do Mestrado 2026.1<\/h3><\/a><\/div><div class=\"titulo-noticia-widget\"><a href=\"https:\/\/pos-graduacao.uepb.edu.br\/ppgca\/cronograma-disciplinas-periodo-2025-2\/\"><h3 class=\"titulo-destaque-noticia\">Cronograma disciplinas - per\u00edodo 2025.2<\/h3><\/a><\/div><div class=\"titulo-noticia-widget\"><a href=\"https:\/\/pos-graduacao.uepb.edu.br\/ppgca\/cronograma-das-aulas-2025-1\/\"><h3 class=\"titulo-destaque-noticia\">CRONOGRAMA DAS AULAS 2025.1<\/h3><\/a><\/div><div class=\"titulo-noticia-widget\"><a href=\"https:\/\/pos-graduacao.uepb.edu.br\/ppgca\/convite-defesa-de-dissertacao-guilherme-felix-dias\/\"><h3 class=\"titulo-destaque-noticia\">Convite defesa de disserta\u00e7\u00e3o - Guilherme F\u00e9lix Dias<\/h3><\/a><\/div><\/div><\/div>[\/vc_column][vc_column width=&#8221;1\/3&#8243;][vc_text_separator title=&#8221;Links \u00dateis&#8221; i_icon_fontawesome=&#8221;fas fa-angle-double-right&#8221; i_color=&#8221;custom&#8221; title_align=&#8221;separator_align_left&#8221; add_icon=&#8221;true&#8221; i_custom_color=&#8221;#cc0000&#8243;][vc_btn title=&#8221;CAPES&#8221; shape=&#8221;square&#8221; color=&#8221;green&#8221; size=&#8221;lg&#8221; align=&#8221;left&#8221; css=&#8221;.vc_custom_1743097071842{margin-bottom: 5px !important;}&#8221; button_block=&#8221;true&#8221; link=&#8221;url:http%3A%2F%2Fwww.capes.gov.br%2F|target:_blank&#8221;][vc_btn title=&#8221;CNPq&#8221; shape=&#8221;square&#8221; color=&#8221;success&#8221; size=&#8221;lg&#8221; align=&#8221;left&#8221; css=&#8221;.vc_custom_1718285874852{margin-bottom: 5px !important;}&#8221; button_block=&#8221;true&#8221; link=&#8221;url:http%3A%2F%2Fwww.cnpq.br%2F|target:_blank&#8221;][vc_btn title=&#8221;Embrapa&#8221; shape=&#8221;square&#8221; color=&#8221;vista-blue&#8221; size=&#8221;lg&#8221; align=&#8221;left&#8221; css=&#8221;.vc_custom_1718285919955{margin-bottom: 5px !important;}&#8221; button_block=&#8221;true&#8221; link=&#8221;url:http%3A%2F%2Fwww.embrapa.br%2F|target:_blank&#8221;][vc_btn title=&#8221;PRPGP&#8221; shape=&#8221;square&#8221; color=&#8221;inverse&#8221; size=&#8221;lg&#8221; align=&#8221;left&#8221; css=&#8221;.vc_custom_1718286012076{margin-bottom: 5px !important;}&#8221; button_block=&#8221;true&#8221; link=&#8221;url:https%3A%2F%2Fwww.uepb.edu.br%2Fprpgp|target:_blank&#8221;][vc_btn title=&#8221;Instagram PPGCA&#8221; shape=&#8221;square&#8221; color=&#8221;purple&#8221; size=&#8221;lg&#8221; align=&#8221;left&#8221; css=&#8221;.vc_custom_1752839993581{margin-bottom: 5px !important;}&#8221; button_block=&#8221;true&#8221; link=&#8221;url:https%3A%2F%2Fwww.instagram.com%2Fppgca.uepb%3Figsh%3Dd2Y5amszbDB1bWZz%26utm_source%3Dqr|target:_blank&#8221;][\/vc_column][\/vc_row][vc_row css=&#8221;.vc_custom_1718286226627{margin-top: 30px !important;margin-bottom: 30px !important;}&#8221;][vc_column][vc_text_separator title=&#8221;Traduza esta p\u00e1gina&#8221; i_icon_fontawesome=&#8221;fas fa-angle-double-right&#8221; i_color=&#8221;custom&#8221; title_align=&#8221;separator_align_left&#8221; add_icon=&#8221;true&#8221; i_custom_color=&#8221;#cc0000&#8243;][vc_column_text css=&#8221;.vc_custom_1718286259306{margin-left: 15px !important;}&#8221;]<div class=\"gtranslate_wrapper\" id=\"gt-wrapper-63063286\"><\/div>[\/vc_column_text][\/vc_column][\/vc_row]<\/p>\n<\/div>","protected":false},"excerpt":{"rendered":"<p>[vc_row full_width=&#8221;stretch_row_content_no_spaces&#8221; css=&#8221;.vc_custom_1718732187928{background-color: #ffffff !important;}&#8221;][vc_column][vc_gallery interval=&#8221;0&#8243; images=&#8221;2339&#8243; img_size=&#8221;full&#8221; onclick=&#8221;&#8221;][\/vc_column][\/vc_row][vc_row][vc_column width=&#8221;2\/3&#8243;][vc_text_separator title=&#8221;Not\u00edcias&#8221; i_icon_fontawesome=&#8221;fas fa-angle-double-right&#8221; i_color=&#8221;custom&#8221; title_align=&#8221;separator_align_left&#8221; add_icon=&#8221;true&#8221; i_custom_color=&#8221;#cc0000&#8243;][\/vc_column][vc_column width=&#8221;1\/3&#8243;][vc_text_separator title=&#8221;Links \u00dateis&#8221; i_icon_fontawesome=&#8221;fas fa-angle-double-right&#8221; i_color=&#8221;custom&#8221; title_align=&#8221;separator_align_left&#8221; add_icon=&#8221;true&#8221; i_custom_color=&#8221;#cc0000&#8243;][vc_btn title=&#8221;CAPES&#8221; shape=&#8221;square&#8221; color=&#8221;green&#8221; size=&#8221;lg&#8221; align=&#8221;left&#8221; css=&#8221;.vc_custom_1743097071842{margin-bottom: 5px !important;}&#8221; button_block=&#8221;true&#8221; link=&#8221;url:http%3A%2F%2Fwww.capes.gov.br%2F|target:_blank&#8221;][vc_btn title=&#8221;CNPq&#8221; shape=&#8221;square&#8221; color=&#8221;success&#8221; size=&#8221;lg&#8221; align=&#8221;left&#8221; css=&#8221;.vc_custom_1718285874852{margin-bottom: 5px !important;}&#8221; button_block=&#8221;true&#8221; link=&#8221;url:http%3A%2F%2Fwww.cnpq.br%2F|target:_blank&#8221;][vc_btn title=&#8221;Embrapa&#8221; shape=&#8221;square&#8221; color=&#8221;vista-blue&#8221; size=&#8221;lg&#8221; align=&#8221;left&#8221; css=&#8221;.vc_custom_1718285919955{margin-bottom: 5px !important;}&#8221; button_block=&#8221;true&#8221; <a class=\"leiamais\" href=\"https:\/\/pos-graduacao.uepb.edu.br\/ppgca\/\">Leia Mais&#8230;<\/a><\/p>\n","protected":false},"author":5,"featured_media":0,"parent":0,"menu_order":0,"comment_status":"closed","ping_status":"closed","template":"","meta":{"footnotes":""},"class_list":["post-2218","page","type-page","status-publish","hentry"],"_links":{"self":[{"href":"https:\/\/pos-graduacao.uepb.edu.br\/ppgca\/wp-json\/wp\/v2\/pages\/2218","targetHints":{"allow":["GET"]}}],"collection":[{"href":"https:\/\/pos-graduacao.uepb.edu.br\/ppgca\/wp-json\/wp\/v2\/pages"}],"about":[{"href":"https:\/\/pos-graduacao.uepb.edu.br\/ppgca\/wp-json\/wp\/v2\/types\/page"}],"author":[{"embeddable":true,"href":"https:\/\/pos-graduacao.uepb.edu.br\/ppgca\/wp-json\/wp\/v2\/users\/5"}],"replies":[{"embeddable":true,"href":"https:\/\/pos-graduacao.uepb.edu.br\/ppgca\/wp-json\/wp\/v2\/comments?post=2218"}],"version-history":[{"count":41,"href":"https:\/\/pos-graduacao.uepb.edu.br\/ppgca\/wp-json\/wp\/v2\/pages\/2218\/revisions"}],"predecessor-version":[{"id":2632,"href":"https:\/\/pos-graduacao.uepb.edu.br\/ppgca\/wp-json\/wp\/v2\/pages\/2218\/revisions\/2632"}],"wp:attachment":[{"href":"https:\/\/pos-graduacao.uepb.edu.br\/ppgca\/wp-json\/wp\/v2\/media?parent=2218"}],"curies":[{"name":"wp","href":"https:\/\/api.w.org\/{rel}","templated":true}]}}